{"id":2112,"date":"2026-02-05T11:49:03","date_gmt":"2026-02-05T10:49:03","guid":{"rendered":"https:\/\/netzwerk-migration-integration.de\/?page_id=2112"},"modified":"2026-02-05T11:49:04","modified_gmt":"2026-02-05T10:49:04","slug":"35-millionen-fuer-kita-inklusion-in-schleswig-holstein","status":"publish","type":"page","link":"https:\/\/netzwerk-migration-integration.de\/index.php\/35-millionen-fuer-kita-inklusion-in-schleswig-holstein\/","title":{"rendered":"35 Millionen f\u00fcr Kita-Inklusion in Schleswig-Holstein"},"content":{"rendered":"\n<p class=\"wp-block-paragraph\">(Dieser Beitrag stammt aus dem Nachrichtenangebot der Deutschen Presse-Agentur (dpa)  05.02.2026)<br><strong>Mehr Chancen f\u00fcr Kinder, Entlastung f\u00fcr Erzieher: Das Land investiert Millionen in bessere Betreuung und Arbeitsbedingungen in Kitas. Zudem sollen auch weitere Krankheitstage finanziert werden.<\/strong><\/p>\n\n\n\n<p class=\"wp-block-paragraph\">Kiel, Schleswig-Holstein plant, 35 Millionen Euro in die Verbesserung der Inklusion in Kitas zu stecken. Wie das Sozialministerium mitteilte, sei es das Ziel, die Betreuung und die Arbeitsbedingungen in den Kinderg\u00e4rten des Landes zu verbessern. Vor allem Kinder mit Migrationshintergrund und aus bildungsfernen Familien sollen schneller Zugang zu Kitas bekommen.<\/p>\n\n\n\n<p class=\"wp-block-paragraph\">Daf\u00fcr will das Land die 144 Familienzentren st\u00e4rken und 125 neue Perspektivkitas einrichten. Dort erhielten Kinder mit F\u00f6rderbedarf gezielt fr\u00fchkindliche Bildung. Au\u00dferdem k\u00fcndigte das Ministerium an, mehr Personal f\u00fcr die Betreuung von Kindern mit Behinderung bereitzustellen, um die Inklusion weiter zu f\u00f6rdern.<\/p>\n\n\n\n<p class=\"wp-block-paragraph\">&#8222;Mit unserem Programm &#8222;Kita f\u00fcr alle&#8220; f\u00f6rdern wir den Kita-Zugang, verbessern die Betreuung, geben den Eltern Sicherheit, st\u00e4rken die Fachkr\u00e4fte und entlasten die Kommunen&#8220;, sagte Sozialministerin Aminata Tour\u00e9. Es w\u00fcrden Ma\u00dfnahmen ergriffen, damit alle Kinder die gleichen Chancen auf eine gute fr\u00fchkindliche Bildung erhielten. &#8222;Und wir reagieren auf die leicht r\u00fcckl\u00e4ufigen Kinderzahlen und nutzen die frei werdenden Mittel, um qualitative Verbesserungen f\u00fcr Kinder, Familien und Fachkr\u00e4fte auf den Weg zu bringen.&#8220;<\/p>\n\n\n\n<h2 class=\"wp-block-heading\">Mehr Krankheitstage f\u00fcr das Personal<\/h2>\n\n\n\n<p class=\"wp-block-paragraph\">Im Mittelpunkt stehe zudem die Verbesserung der Arbeitsbedingungen f\u00fcr das Personal in den Einrichtungen. Erhebungen zeigten, dass Krankentage und Arbeitsbelastung der Fachkr\u00e4fte weiterhin hoch blieben, hie\u00df es vom Ministerium. K\u00fcnftig sollen vier zus\u00e4tzliche Krankentage in die Finanzierung einflie\u00dfen, indem mehr Personalstellen geschaffen werden.<\/p>\n\n\n\n<p class=\"wp-block-paragraph\">Die h\u00f6here Landesfinanzierung f\u00fcr krankheitsbedingte Ausfalltage entlaste die Kommunen, erkl\u00e4rte CDU-Fraktionschef Tobias Koch. Die Aufstockung der Mittel schaffe mehr Klarheit und Verl\u00e4sslichkeit in der Personalplanung und unterst\u00fctze zugleich St\u00e4dte und Gemeinden<\/p>\n","protected":false},"excerpt":{"rendered":"<p>(Dieser Beitrag stammt aus dem Nachrichtenangebot der Deutschen Presse-Agentur (dpa) 05.02.2026)Mehr Chancen f\u00fcr Kinder, Entlastung f\u00fcr Erzieher: Das Land investiert Millionen in bessere Betreuung und Arbeitsbedingungen in Kitas. Zudem sollen auch weitere Krankheitstage finanziert werden. Kiel, Schleswig-Holstein plant, 35 Millionen Euro in die Verbesserung der Inklusion in Kitas zu stecken. Wie das Sozialministerium mitteilte, sei &hellip; <a href=\"https:\/\/netzwerk-migration-integration.de\/index.php\/35-millionen-fuer-kita-inklusion-in-schleswig-holstein\/\" class=\"more-link\"><span class=\"screen-reader-text\">\u201e35 Millionen f\u00fcr Kita-Inklusion in Schleswig-Holstein\u201c <\/span>weiterlesen<\/a><\/p>\n","protected":false},"author":2,"featured_media":0,"parent":0,"menu_order":0,"comment_status":"closed","ping_status":"closed","template":"","meta":{"_crdt_document":"","footnotes":""},"class_list":["post-2112","page","type-page","status-publish","hentry"],"yoast_head":"<!-- This site is optimized with the Yoast SEO plugin v27.5 - https:\/\/yoast.com\/product\/yoast-seo-wordpress\/ -->\n<title>35 Millionen f\u00fcr Kita-Inklusion in Schleswig-Holstein - NetzWERK Migration &amp; Integration Ahrensburg<\/title>\n<meta name=\"robots\" content=\"index, follow, max-snippet:-1, max-image-preview:large, max-video-preview:-1\" \/>\n<link rel=\"canonical\" href=\"https:\/\/netzwerk-migration-integration.de\/index.php\/35-millionen-fuer-kita-inklusion-in-schleswig-holstein\/\" \/>\n<meta property=\"og:locale\" content=\"de_DE\" \/>\n<meta property=\"og:type\" content=\"article\" \/>\n<meta property=\"og:title\" content=\"35 Millionen f\u00fcr Kita-Inklusion in Schleswig-Holstein - NetzWERK Migration &amp; Integration Ahrensburg\" \/>\n<meta property=\"og:description\" content=\"(Dieser Beitrag stammt aus dem Nachrichtenangebot der Deutschen Presse-Agentur (dpa) 05.02.2026)Mehr Chancen f\u00fcr Kinder, Entlastung f\u00fcr Erzieher: Das Land investiert Millionen in bessere Betreuung und Arbeitsbedingungen in Kitas. Zudem sollen auch weitere Krankheitstage finanziert werden. Kiel, Schleswig-Holstein plant, 35 Millionen Euro in die Verbesserung der Inklusion in Kitas zu stecken. Wie das Sozialministerium mitteilte, sei &hellip; \u201e35 Millionen f\u00fcr Kita-Inklusion in Schleswig-Holstein\u201c weiterlesen\" \/>\n<meta property=\"og:url\" content=\"https:\/\/netzwerk-migration-integration.de\/index.php\/35-millionen-fuer-kita-inklusion-in-schleswig-holstein\/\" \/>\n<meta property=\"og:site_name\" content=\"NetzWERK Migration &amp; Integration Ahrensburg\" \/>\n<meta property=\"article:modified_time\" content=\"2026-02-05T10:49:04+00:00\" \/>\n<meta name=\"twitter:card\" content=\"summary_large_image\" \/>\n<meta name=\"twitter:label1\" content=\"Gesch\u00e4tzte Lesezeit\" \/>\n\t<meta name=\"twitter:data1\" content=\"2\u00a0Minuten\" \/>\n<script type=\"application\/ld+json\" class=\"yoast-schema-graph\">{\"@context\":\"https:\\\/\\\/schema.org\",\"@graph\":[{\"@type\":\"WebPage\",\"@id\":\"https:\\\/\\\/netzwerk-migration-integration.de\\\/index.php\\\/35-millionen-fuer-kita-inklusion-in-schleswig-holstein\\\/\",\"url\":\"https:\\\/\\\/netzwerk-migration-integration.de\\\/index.php\\\/35-millionen-fuer-kita-inklusion-in-schleswig-holstein\\\/\",\"name\":\"35 Millionen f\u00fcr Kita-Inklusion in Schleswig-Holstein - NetzWERK Migration &amp; Integration Ahrensburg\",\"isPartOf\":{\"@id\":\"https:\\\/\\\/netzwerk-migration-integration.de\\\/#website\"},\"datePublished\":\"2026-02-05T10:49:03+00:00\",\"dateModified\":\"2026-02-05T10:49:04+00:00\",\"breadcrumb\":{\"@id\":\"https:\\\/\\\/netzwerk-migration-integration.de\\\/index.php\\\/35-millionen-fuer-kita-inklusion-in-schleswig-holstein\\\/#breadcrumb\"},\"inLanguage\":\"de\",\"potentialAction\":[{\"@type\":\"ReadAction\",\"target\":[\"https:\\\/\\\/netzwerk-migration-integration.de\\\/index.php\\\/35-millionen-fuer-kita-inklusion-in-schleswig-holstein\\\/\"]}]},{\"@type\":\"BreadcrumbList\",\"@id\":\"https:\\\/\\\/netzwerk-migration-integration.de\\\/index.php\\\/35-millionen-fuer-kita-inklusion-in-schleswig-holstein\\\/#breadcrumb\",\"itemListElement\":[{\"@type\":\"ListItem\",\"position\":1,\"name\":\"Home\",\"item\":\"https:\\\/\\\/netzwerk-migration-integration.de\\\/\"},{\"@type\":\"ListItem\",\"position\":2,\"name\":\"35 Millionen f\u00fcr Kita-Inklusion in Schleswig-Holstein\"}]},{\"@type\":\"WebSite\",\"@id\":\"https:\\\/\\\/netzwerk-migration-integration.de\\\/#website\",\"url\":\"https:\\\/\\\/netzwerk-migration-integration.de\\\/\",\"name\":\"NetzWERK Migration &amp; Integration Ahrensburg\",\"description\":\"\",\"publisher\":{\"@id\":\"https:\\\/\\\/netzwerk-migration-integration.de\\\/#organization\"},\"potentialAction\":[{\"@type\":\"SearchAction\",\"target\":{\"@type\":\"EntryPoint\",\"urlTemplate\":\"https:\\\/\\\/netzwerk-migration-integration.de\\\/?s={search_term_string}\"},\"query-input\":{\"@type\":\"PropertyValueSpecification\",\"valueRequired\":true,\"valueName\":\"search_term_string\"}}],\"inLanguage\":\"de\"},{\"@type\":\"Organization\",\"@id\":\"https:\\\/\\\/netzwerk-migration-integration.de\\\/#organization\",\"name\":\"NetzWERK Migration &amp; Integration Ahrensburg\",\"url\":\"https:\\\/\\\/netzwerk-migration-integration.de\\\/\",\"logo\":{\"@type\":\"ImageObject\",\"inLanguage\":\"de\",\"@id\":\"https:\\\/\\\/netzwerk-migration-integration.de\\\/#\\\/schema\\\/logo\\\/image\\\/\",\"url\":\"https:\\\/\\\/netzwerk-migration-integration.de\\\/wp-content\\\/uploads\\\/2018\\\/03\\\/cropped-NetzW-Logo_rgb-2-2.jpg\",\"contentUrl\":\"https:\\\/\\\/netzwerk-migration-integration.de\\\/wp-content\\\/uploads\\\/2018\\\/03\\\/cropped-NetzW-Logo_rgb-2-2.jpg\",\"width\":240,\"height\":74,\"caption\":\"NetzWERK Migration &amp; Integration Ahrensburg\"},\"image\":{\"@id\":\"https:\\\/\\\/netzwerk-migration-integration.de\\\/#\\\/schema\\\/logo\\\/image\\\/\"}}]}<\/script>\n<!-- \/ Yoast SEO plugin. -->","yoast_head_json":{"title":"35 Millionen f\u00fcr Kita-Inklusion in Schleswig-Holstein - NetzWERK Migration &amp; Integration Ahrensburg","robots":{"index":"index","follow":"follow","max-snippet":"max-snippet:-1","max-image-preview":"max-image-preview:large","max-video-preview":"max-video-preview:-1"},"canonical":"https:\/\/netzwerk-migration-integration.de\/index.php\/35-millionen-fuer-kita-inklusion-in-schleswig-holstein\/","og_locale":"de_DE","og_type":"article","og_title":"35 Millionen f\u00fcr Kita-Inklusion in Schleswig-Holstein - NetzWERK Migration &amp; Integration Ahrensburg","og_description":"(Dieser Beitrag stammt aus dem Nachrichtenangebot der Deutschen Presse-Agentur (dpa) 05.02.2026)Mehr Chancen f\u00fcr Kinder, Entlastung f\u00fcr Erzieher: Das Land investiert Millionen in bessere Betreuung und Arbeitsbedingungen in Kitas. Zudem sollen auch weitere Krankheitstage finanziert werden. Kiel, Schleswig-Holstein plant, 35 Millionen Euro in die Verbesserung der Inklusion in Kitas zu stecken. Wie das Sozialministerium mitteilte, sei &hellip; \u201e35 Millionen f\u00fcr Kita-Inklusion in Schleswig-Holstein\u201c weiterlesen","og_url":"https:\/\/netzwerk-migration-integration.de\/index.php\/35-millionen-fuer-kita-inklusion-in-schleswig-holstein\/","og_site_name":"NetzWERK Migration &amp; Integration Ahrensburg","article_modified_time":"2026-02-05T10:49:04+00:00","twitter_card":"summary_large_image","twitter_misc":{"Gesch\u00e4tzte Lesezeit":"2\u00a0Minuten"},"schema":{"@context":"https:\/\/schema.org","@graph":[{"@type":"WebPage","@id":"https:\/\/netzwerk-migration-integration.de\/index.php\/35-millionen-fuer-kita-inklusion-in-schleswig-holstein\/","url":"https:\/\/netzwerk-migration-integration.de\/index.php\/35-millionen-fuer-kita-inklusion-in-schleswig-holstein\/","name":"35 Millionen f\u00fcr Kita-Inklusion in Schleswig-Holstein - NetzWERK Migration &amp; Integration Ahrensburg","isPartOf":{"@id":"https:\/\/netzwerk-migration-integration.de\/#website"},"datePublished":"2026-02-05T10:49:03+00:00","dateModified":"2026-02-05T10:49:04+00:00","breadcrumb":{"@id":"https:\/\/netzwerk-migration-integration.de\/index.php\/35-millionen-fuer-kita-inklusion-in-schleswig-holstein\/#breadcrumb"},"inLanguage":"de","potentialAction":[{"@type":"ReadAction","target":["https:\/\/netzwerk-migration-integration.de\/index.php\/35-millionen-fuer-kita-inklusion-in-schleswig-holstein\/"]}]},{"@type":"BreadcrumbList","@id":"https:\/\/netzwerk-migration-integration.de\/index.php\/35-millionen-fuer-kita-inklusion-in-schleswig-holstein\/#breadcrumb","itemListElement":[{"@type":"ListItem","position":1,"name":"Home","item":"https:\/\/netzwerk-migration-integration.de\/"},{"@type":"ListItem","position":2,"name":"35 Millionen f\u00fcr Kita-Inklusion in Schleswig-Holstein"}]},{"@type":"WebSite","@id":"https:\/\/netzwerk-migration-integration.de\/#website","url":"https:\/\/netzwerk-migration-integration.de\/","name":"NetzWERK Migration &amp; Integration Ahrensburg","description":"","publisher":{"@id":"https:\/\/netzwerk-migration-integration.de\/#organization"},"potentialAction":[{"@type":"SearchAction","target":{"@type":"EntryPoint","urlTemplate":"https:\/\/netzwerk-migration-integration.de\/?s={search_term_string}"},"query-input":{"@type":"PropertyValueSpecification","valueRequired":true,"valueName":"search_term_string"}}],"inLanguage":"de"},{"@type":"Organization","@id":"https:\/\/netzwerk-migration-integration.de\/#organization","name":"NetzWERK Migration &amp; Integration Ahrensburg","url":"https:\/\/netzwerk-migration-integration.de\/","logo":{"@type":"ImageObject","inLanguage":"de","@id":"https:\/\/netzwerk-migration-integration.de\/#\/schema\/logo\/image\/","url":"https:\/\/netzwerk-migration-integration.de\/wp-content\/uploads\/2018\/03\/cropped-NetzW-Logo_rgb-2-2.jpg","contentUrl":"https:\/\/netzwerk-migration-integration.de\/wp-content\/uploads\/2018\/03\/cropped-NetzW-Logo_rgb-2-2.jpg","width":240,"height":74,"caption":"NetzWERK Migration &amp; Integration Ahrensburg"},"image":{"@id":"https:\/\/netzwerk-migration-integration.de\/#\/schema\/logo\/image\/"}}]}},"_links":{"self":[{"href":"https:\/\/netzwerk-migration-integration.de\/index.php\/wp-json\/wp\/v2\/pages\/2112","targetHints":{"allow":["GET"]}}],"collection":[{"href":"https:\/\/netzwerk-migration-integration.de\/index.php\/wp-json\/wp\/v2\/pages"}],"about":[{"href":"https:\/\/netzwerk-migration-integration.de\/index.php\/wp-json\/wp\/v2\/types\/page"}],"author":[{"embeddable":true,"href":"https:\/\/netzwerk-migration-integration.de\/index.php\/wp-json\/wp\/v2\/users\/2"}],"replies":[{"embeddable":true,"href":"https:\/\/netzwerk-migration-integration.de\/index.php\/wp-json\/wp\/v2\/comments?post=2112"}],"version-history":[{"count":1,"href":"https:\/\/netzwerk-migration-integration.de\/index.php\/wp-json\/wp\/v2\/pages\/2112\/revisions"}],"predecessor-version":[{"id":2113,"href":"https:\/\/netzwerk-migration-integration.de\/index.php\/wp-json\/wp\/v2\/pages\/2112\/revisions\/2113"}],"wp:attachment":[{"href":"https:\/\/netzwerk-migration-integration.de\/index.php\/wp-json\/wp\/v2\/media?parent=2112"}],"curies":[{"name":"wp","href":"https:\/\/api.w.org\/{rel}","templated":true}]}}