{"id":2099,"date":"2026-02-05T11:55:10","date_gmt":"2026-02-05T10:55:10","guid":{"rendered":"https:\/\/netzwerk-migration-integration.de\/?page_id=2099"},"modified":"2026-02-05T11:55:11","modified_gmt":"2026-02-05T10:55:11","slug":"75-jahre-allgemeine-erklaerung-der-menschenrechte","status":"publish","type":"page","link":"https:\/\/netzwerk-migration-integration.de\/index.php\/75-jahre-allgemeine-erklaerung-der-menschenrechte\/","title":{"rendered":"75 Jahre Allgemeine Erkl\u00e4rung der Menschenrechte"},"content":{"rendered":"\n<p class=\"wp-block-paragraph\">Der <strong><a href=\"https:\/\/runder-tisch-ahrensburg.de\/\">Runde Tisch Ahrensburg<\/a><\/strong> l\u00e4dt herzlich ein zur Ausstellung&nbsp; <strong>\u201eAlle Menschen &#8211; Eine Fotoausstellung von Amnesty International\u201c.<\/strong><\/p>\n\n\n\n<p class=\"wp-block-paragraph\">Die Ausstellung \u201e<strong>Alle Menschen<\/strong>\u201c von <strong>Amnesty International <\/strong>wurde anl\u00e4sslich des 75-j\u00e4hrigen Jubil\u00e4ums der Allgemeinen Erkl\u00e4rung der Menschenrechte erstellt. Sie blickt auf einzelne Pers\u00f6nlichkeiten sowie Ereignisse und konkrete Menschenrechte, die exemplarisch f\u00fcr die Entwicklungen der vergangenen Jahre stehen. Die Bilder setzen Schlaglichter, die an Meilensteine und an R\u00fcckschl\u00e4ge erinnern. Sie vergegenw\u00e4rtigen uns auch, von welchen Rechten viele von uns tagt\u00e4glich Gebrauch machen. Die Staaten der Vereinten Nationen verabschiedeten am 10. Dezember 1948 die \u201e<a href=\"https:\/\/www.amnesty.de\/alle-30-artikel-der-allgemeinen-erklaerung-der-menschenrechte\">Allgemeine Erkl\u00e4rung der Menschenrechte<\/a>\u201c. Es sind 30 Artikel, die das Bild einer Welt skizzieren, in der alle frei und friedlich miteinander leben k\u00f6nnen.<\/p>\n\n\n<div class=\"wp-block-image\">\n<figure class=\"alignleft size-full is-resized\"><img fetchpriority=\"high\" decoding=\"async\" width=\"500\" height=\"500\" src=\"https:\/\/netzwerk-migration-integration.de\/wp-content\/uploads\/2026\/01\/Allgemeine-Erklaerung-der-Menschenrechte-AI-Heft-1.jpg\" alt=\"\" class=\"wp-image-2081\" style=\"width:265px;height:auto\" srcset=\"https:\/\/netzwerk-migration-integration.de\/wp-content\/uploads\/2026\/01\/Allgemeine-Erklaerung-der-Menschenrechte-AI-Heft-1.jpg 500w, https:\/\/netzwerk-migration-integration.de\/wp-content\/uploads\/2026\/01\/Allgemeine-Erklaerung-der-Menschenrechte-AI-Heft-1-300x300.jpg 300w, https:\/\/netzwerk-migration-integration.de\/wp-content\/uploads\/2026\/01\/Allgemeine-Erklaerung-der-Menschenrechte-AI-Heft-1-150x150.jpg 150w\" sizes=\"(max-width: 500px) 85vw, 500px\" \/><\/figure>\n<\/div>\n\n\n<p class=\"wp-block-paragraph\">Die Fotoausstellung kann vom <strong>5.2.2026<\/strong> bis zum <strong>26.3.2026<\/strong> im Rathaus Ahrensburg, Manfred-Samusch-Str. 5, besucht werden. <br><br>\u00d6ffnungszeiten: Mo., Di., Mi., Fr., 08.00-12.00 Uhr, Do., 14.00-18.00 Uhr<\/p>\n\n\n\n<p class=\"wp-block-paragraph\"><strong>Die Vernissage findet am 5.2.2026 um 17 Uhr im Foyer des Rathauses statt.<\/strong><\/p>\n\n\n\n<p class=\"wp-block-paragraph\">Die Teilnahme ist kostenfrei.<\/p>\n","protected":false},"excerpt":{"rendered":"<p>Der Runde Tisch Ahrensburg l\u00e4dt herzlich ein zur Ausstellung&nbsp; \u201eAlle Menschen &#8211; Eine Fotoausstellung von Amnesty International\u201c. Die Ausstellung \u201eAlle Menschen\u201c von Amnesty International wurde anl\u00e4sslich des 75-j\u00e4hrigen Jubil\u00e4ums der Allgemeinen Erkl\u00e4rung der Menschenrechte erstellt. Sie blickt auf einzelne Pers\u00f6nlichkeiten sowie Ereignisse und konkrete Menschenrechte, die exemplarisch f\u00fcr die Entwicklungen der vergangenen Jahre stehen. Die &hellip; <a href=\"https:\/\/netzwerk-migration-integration.de\/index.php\/75-jahre-allgemeine-erklaerung-der-menschenrechte\/\" class=\"more-link\"><span class=\"screen-reader-text\">\u201e75 Jahre Allgemeine Erkl\u00e4rung der Menschenrechte\u201c <\/span>weiterlesen<\/a><\/p>\n","protected":false},"author":2,"featured_media":0,"parent":0,"menu_order":0,"comment_status":"closed","ping_status":"closed","template":"","meta":{"_crdt_document":"","footnotes":""},"class_list":["post-2099","page","type-page","status-publish","hentry"],"yoast_head":"<!-- This site is optimized with the Yoast SEO plugin v27.5 - https:\/\/yoast.com\/product\/yoast-seo-wordpress\/ -->\n<title>75 Jahre Allgemeine Erkl\u00e4rung der Menschenrechte - NetzWERK Migration &amp; Integration Ahrensburg<\/title>\n<meta name=\"robots\" content=\"index, follow, max-snippet:-1, max-image-preview:large, max-video-preview:-1\" \/>\n<link rel=\"canonical\" href=\"https:\/\/netzwerk-migration-integration.de\/index.php\/75-jahre-allgemeine-erklaerung-der-menschenrechte\/\" \/>\n<meta property=\"og:locale\" content=\"de_DE\" \/>\n<meta property=\"og:type\" content=\"article\" \/>\n<meta property=\"og:title\" content=\"75 Jahre Allgemeine Erkl\u00e4rung der Menschenrechte - NetzWERK Migration &amp; Integration Ahrensburg\" \/>\n<meta property=\"og:description\" content=\"Der Runde Tisch Ahrensburg l\u00e4dt herzlich ein zur Ausstellung&nbsp; \u201eAlle Menschen &#8211; Eine Fotoausstellung von Amnesty International\u201c. Die Ausstellung \u201eAlle Menschen\u201c von Amnesty International wurde anl\u00e4sslich des 75-j\u00e4hrigen Jubil\u00e4ums der Allgemeinen Erkl\u00e4rung der Menschenrechte erstellt. Sie blickt auf einzelne Pers\u00f6nlichkeiten sowie Ereignisse und konkrete Menschenrechte, die exemplarisch f\u00fcr die Entwicklungen der vergangenen Jahre stehen. Die &hellip; \u201e75 Jahre Allgemeine Erkl\u00e4rung der Menschenrechte\u201c weiterlesen\" \/>\n<meta property=\"og:url\" content=\"https:\/\/netzwerk-migration-integration.de\/index.php\/75-jahre-allgemeine-erklaerung-der-menschenrechte\/\" \/>\n<meta property=\"og:site_name\" content=\"NetzWERK Migration &amp; Integration Ahrensburg\" \/>\n<meta property=\"article:modified_time\" content=\"2026-02-05T10:55:11+00:00\" \/>\n<meta property=\"og:image\" content=\"https:\/\/netzwerk-migration-integration.de\/wp-content\/uploads\/2026\/01\/Allgemeine-Erklaerung-der-Menschenrechte-AI-Heft-1.jpg\" \/>\n\t<meta property=\"og:image:width\" content=\"500\" \/>\n\t<meta property=\"og:image:height\" content=\"500\" \/>\n\t<meta property=\"og:image:type\" content=\"image\/jpeg\" \/>\n<meta name=\"twitter:card\" content=\"summary_large_image\" \/>\n<meta name=\"twitter:label1\" content=\"Gesch\u00e4tzte Lesezeit\" \/>\n\t<meta name=\"twitter:data1\" content=\"2\u00a0Minuten\" \/>\n<script type=\"application\/ld+json\" class=\"yoast-schema-graph\">{\"@context\":\"https:\\\/\\\/schema.org\",\"@graph\":[{\"@type\":\"WebPage\",\"@id\":\"https:\\\/\\\/netzwerk-migration-integration.de\\\/index.php\\\/75-jahre-allgemeine-erklaerung-der-menschenrechte\\\/\",\"url\":\"https:\\\/\\\/netzwerk-migration-integration.de\\\/index.php\\\/75-jahre-allgemeine-erklaerung-der-menschenrechte\\\/\",\"name\":\"75 Jahre Allgemeine Erkl\u00e4rung der Menschenrechte - NetzWERK Migration &amp; Integration Ahrensburg\",\"isPartOf\":{\"@id\":\"https:\\\/\\\/netzwerk-migration-integration.de\\\/#website\"},\"primaryImageOfPage\":{\"@id\":\"https:\\\/\\\/netzwerk-migration-integration.de\\\/index.php\\\/75-jahre-allgemeine-erklaerung-der-menschenrechte\\\/#primaryimage\"},\"image\":{\"@id\":\"https:\\\/\\\/netzwerk-migration-integration.de\\\/index.php\\\/75-jahre-allgemeine-erklaerung-der-menschenrechte\\\/#primaryimage\"},\"thumbnailUrl\":\"https:\\\/\\\/netzwerk-migration-integration.de\\\/wp-content\\\/uploads\\\/2026\\\/01\\\/Allgemeine-Erklaerung-der-Menschenrechte-AI-Heft-1.jpg\",\"datePublished\":\"2026-02-05T10:55:10+00:00\",\"dateModified\":\"2026-02-05T10:55:11+00:00\",\"breadcrumb\":{\"@id\":\"https:\\\/\\\/netzwerk-migration-integration.de\\\/index.php\\\/75-jahre-allgemeine-erklaerung-der-menschenrechte\\\/#breadcrumb\"},\"inLanguage\":\"de\",\"potentialAction\":[{\"@type\":\"ReadAction\",\"target\":[\"https:\\\/\\\/netzwerk-migration-integration.de\\\/index.php\\\/75-jahre-allgemeine-erklaerung-der-menschenrechte\\\/\"]}]},{\"@type\":\"ImageObject\",\"inLanguage\":\"de\",\"@id\":\"https:\\\/\\\/netzwerk-migration-integration.de\\\/index.php\\\/75-jahre-allgemeine-erklaerung-der-menschenrechte\\\/#primaryimage\",\"url\":\"https:\\\/\\\/netzwerk-migration-integration.de\\\/wp-content\\\/uploads\\\/2026\\\/01\\\/Allgemeine-Erklaerung-der-Menschenrechte-AI-Heft-1.jpg\",\"contentUrl\":\"https:\\\/\\\/netzwerk-migration-integration.de\\\/wp-content\\\/uploads\\\/2026\\\/01\\\/Allgemeine-Erklaerung-der-Menschenrechte-AI-Heft-1.jpg\",\"width\":500,\"height\":500},{\"@type\":\"BreadcrumbList\",\"@id\":\"https:\\\/\\\/netzwerk-migration-integration.de\\\/index.php\\\/75-jahre-allgemeine-erklaerung-der-menschenrechte\\\/#breadcrumb\",\"itemListElement\":[{\"@type\":\"ListItem\",\"position\":1,\"name\":\"Home\",\"item\":\"https:\\\/\\\/netzwerk-migration-integration.de\\\/\"},{\"@type\":\"ListItem\",\"position\":2,\"name\":\"75 Jahre Allgemeine Erkl\u00e4rung der Menschenrechte\"}]},{\"@type\":\"WebSite\",\"@id\":\"https:\\\/\\\/netzwerk-migration-integration.de\\\/#website\",\"url\":\"https:\\\/\\\/netzwerk-migration-integration.de\\\/\",\"name\":\"NetzWERK Migration &amp; Integration Ahrensburg\",\"description\":\"\",\"publisher\":{\"@id\":\"https:\\\/\\\/netzwerk-migration-integration.de\\\/#organization\"},\"potentialAction\":[{\"@type\":\"SearchAction\",\"target\":{\"@type\":\"EntryPoint\",\"urlTemplate\":\"https:\\\/\\\/netzwerk-migration-integration.de\\\/?s={search_term_string}\"},\"query-input\":{\"@type\":\"PropertyValueSpecification\",\"valueRequired\":true,\"valueName\":\"search_term_string\"}}],\"inLanguage\":\"de\"},{\"@type\":\"Organization\",\"@id\":\"https:\\\/\\\/netzwerk-migration-integration.de\\\/#organization\",\"name\":\"NetzWERK Migration &amp; Integration Ahrensburg\",\"url\":\"https:\\\/\\\/netzwerk-migration-integration.de\\\/\",\"logo\":{\"@type\":\"ImageObject\",\"inLanguage\":\"de\",\"@id\":\"https:\\\/\\\/netzwerk-migration-integration.de\\\/#\\\/schema\\\/logo\\\/image\\\/\",\"url\":\"https:\\\/\\\/netzwerk-migration-integration.de\\\/wp-content\\\/uploads\\\/2018\\\/03\\\/cropped-NetzW-Logo_rgb-2-2.jpg\",\"contentUrl\":\"https:\\\/\\\/netzwerk-migration-integration.de\\\/wp-content\\\/uploads\\\/2018\\\/03\\\/cropped-NetzW-Logo_rgb-2-2.jpg\",\"width\":240,\"height\":74,\"caption\":\"NetzWERK Migration &amp; Integration Ahrensburg\"},\"image\":{\"@id\":\"https:\\\/\\\/netzwerk-migration-integration.de\\\/#\\\/schema\\\/logo\\\/image\\\/\"}}]}<\/script>\n<!-- \/ Yoast SEO plugin. -->","yoast_head_json":{"title":"75 Jahre Allgemeine Erkl\u00e4rung der Menschenrechte - NetzWERK Migration &amp; Integration Ahrensburg","robots":{"index":"index","follow":"follow","max-snippet":"max-snippet:-1","max-image-preview":"max-image-preview:large","max-video-preview":"max-video-preview:-1"},"canonical":"https:\/\/netzwerk-migration-integration.de\/index.php\/75-jahre-allgemeine-erklaerung-der-menschenrechte\/","og_locale":"de_DE","og_type":"article","og_title":"75 Jahre Allgemeine Erkl\u00e4rung der Menschenrechte - NetzWERK Migration &amp; Integration Ahrensburg","og_description":"Der Runde Tisch Ahrensburg l\u00e4dt herzlich ein zur Ausstellung&nbsp; \u201eAlle Menschen &#8211; Eine Fotoausstellung von Amnesty International\u201c. Die Ausstellung \u201eAlle Menschen\u201c von Amnesty International wurde anl\u00e4sslich des 75-j\u00e4hrigen Jubil\u00e4ums der Allgemeinen Erkl\u00e4rung der Menschenrechte erstellt. Sie blickt auf einzelne Pers\u00f6nlichkeiten sowie Ereignisse und konkrete Menschenrechte, die exemplarisch f\u00fcr die Entwicklungen der vergangenen Jahre stehen. Die &hellip; \u201e75 Jahre Allgemeine Erkl\u00e4rung der Menschenrechte\u201c weiterlesen","og_url":"https:\/\/netzwerk-migration-integration.de\/index.php\/75-jahre-allgemeine-erklaerung-der-menschenrechte\/","og_site_name":"NetzWERK Migration &amp; Integration Ahrensburg","article_modified_time":"2026-02-05T10:55:11+00:00","og_image":[{"width":500,"height":500,"url":"https:\/\/netzwerk-migration-integration.de\/wp-content\/uploads\/2026\/01\/Allgemeine-Erklaerung-der-Menschenrechte-AI-Heft-1.jpg","type":"image\/jpeg"}],"twitter_card":"summary_large_image","twitter_misc":{"Gesch\u00e4tzte Lesezeit":"2\u00a0Minuten"},"schema":{"@context":"https:\/\/schema.org","@graph":[{"@type":"WebPage","@id":"https:\/\/netzwerk-migration-integration.de\/index.php\/75-jahre-allgemeine-erklaerung-der-menschenrechte\/","url":"https:\/\/netzwerk-migration-integration.de\/index.php\/75-jahre-allgemeine-erklaerung-der-menschenrechte\/","name":"75 Jahre Allgemeine Erkl\u00e4rung der Menschenrechte - NetzWERK Migration &amp; Integration Ahrensburg","isPartOf":{"@id":"https:\/\/netzwerk-migration-integration.de\/#website"},"primaryImageOfPage":{"@id":"https:\/\/netzwerk-migration-integration.de\/index.php\/75-jahre-allgemeine-erklaerung-der-menschenrechte\/#primaryimage"},"image":{"@id":"https:\/\/netzwerk-migration-integration.de\/index.php\/75-jahre-allgemeine-erklaerung-der-menschenrechte\/#primaryimage"},"thumbnailUrl":"https:\/\/netzwerk-migration-integration.de\/wp-content\/uploads\/2026\/01\/Allgemeine-Erklaerung-der-Menschenrechte-AI-Heft-1.jpg","datePublished":"2026-02-05T10:55:10+00:00","dateModified":"2026-02-05T10:55:11+00:00","breadcrumb":{"@id":"https:\/\/netzwerk-migration-integration.de\/index.php\/75-jahre-allgemeine-erklaerung-der-menschenrechte\/#breadcrumb"},"inLanguage":"de","potentialAction":[{"@type":"ReadAction","target":["https:\/\/netzwerk-migration-integration.de\/index.php\/75-jahre-allgemeine-erklaerung-der-menschenrechte\/"]}]},{"@type":"ImageObject","inLanguage":"de","@id":"https:\/\/netzwerk-migration-integration.de\/index.php\/75-jahre-allgemeine-erklaerung-der-menschenrechte\/#primaryimage","url":"https:\/\/netzwerk-migration-integration.de\/wp-content\/uploads\/2026\/01\/Allgemeine-Erklaerung-der-Menschenrechte-AI-Heft-1.jpg","contentUrl":"https:\/\/netzwerk-migration-integration.de\/wp-content\/uploads\/2026\/01\/Allgemeine-Erklaerung-der-Menschenrechte-AI-Heft-1.jpg","width":500,"height":500},{"@type":"BreadcrumbList","@id":"https:\/\/netzwerk-migration-integration.de\/index.php\/75-jahre-allgemeine-erklaerung-der-menschenrechte\/#breadcrumb","itemListElement":[{"@type":"ListItem","position":1,"name":"Home","item":"https:\/\/netzwerk-migration-integration.de\/"},{"@type":"ListItem","position":2,"name":"75 Jahre Allgemeine Erkl\u00e4rung der Menschenrechte"}]},{"@type":"WebSite","@id":"https:\/\/netzwerk-migration-integration.de\/#website","url":"https:\/\/netzwerk-migration-integration.de\/","name":"NetzWERK Migration &amp; Integration Ahrensburg","description":"","publisher":{"@id":"https:\/\/netzwerk-migration-integration.de\/#organization"},"potentialAction":[{"@type":"SearchAction","target":{"@type":"EntryPoint","urlTemplate":"https:\/\/netzwerk-migration-integration.de\/?s={search_term_string}"},"query-input":{"@type":"PropertyValueSpecification","valueRequired":true,"valueName":"search_term_string"}}],"inLanguage":"de"},{"@type":"Organization","@id":"https:\/\/netzwerk-migration-integration.de\/#organization","name":"NetzWERK Migration &amp; Integration Ahrensburg","url":"https:\/\/netzwerk-migration-integration.de\/","logo":{"@type":"ImageObject","inLanguage":"de","@id":"https:\/\/netzwerk-migration-integration.de\/#\/schema\/logo\/image\/","url":"https:\/\/netzwerk-migration-integration.de\/wp-content\/uploads\/2018\/03\/cropped-NetzW-Logo_rgb-2-2.jpg","contentUrl":"https:\/\/netzwerk-migration-integration.de\/wp-content\/uploads\/2018\/03\/cropped-NetzW-Logo_rgb-2-2.jpg","width":240,"height":74,"caption":"NetzWERK Migration &amp; Integration Ahrensburg"},"image":{"@id":"https:\/\/netzwerk-migration-integration.de\/#\/schema\/logo\/image\/"}}]}},"_links":{"self":[{"href":"https:\/\/netzwerk-migration-integration.de\/index.php\/wp-json\/wp\/v2\/pages\/2099","targetHints":{"allow":["GET"]}}],"collection":[{"href":"https:\/\/netzwerk-migration-integration.de\/index.php\/wp-json\/wp\/v2\/pages"}],"about":[{"href":"https:\/\/netzwerk-migration-integration.de\/index.php\/wp-json\/wp\/v2\/types\/page"}],"author":[{"embeddable":true,"href":"https:\/\/netzwerk-migration-integration.de\/index.php\/wp-json\/wp\/v2\/users\/2"}],"replies":[{"embeddable":true,"href":"https:\/\/netzwerk-migration-integration.de\/index.php\/wp-json\/wp\/v2\/comments?post=2099"}],"version-history":[{"count":1,"href":"https:\/\/netzwerk-migration-integration.de\/index.php\/wp-json\/wp\/v2\/pages\/2099\/revisions"}],"predecessor-version":[{"id":2100,"href":"https:\/\/netzwerk-migration-integration.de\/index.php\/wp-json\/wp\/v2\/pages\/2099\/revisions\/2100"}],"wp:attachment":[{"href":"https:\/\/netzwerk-migration-integration.de\/index.php\/wp-json\/wp\/v2\/media?parent=2099"}],"curies":[{"name":"wp","href":"https:\/\/api.w.org\/{rel}","templated":true}]}}