{"id":1869,"date":"2023-09-08T16:04:32","date_gmt":"2023-09-08T15:04:32","guid":{"rendered":"https:\/\/netzwerk-migration-integration.de\/?page_id=1869"},"modified":"2023-09-08T16:46:12","modified_gmt":"2023-09-08T15:46:12","slug":"interkultureller-herbst-2023","status":"publish","type":"page","link":"https:\/\/netzwerk-migration-integration.de\/index.php\/interkultureller-herbst-2023\/","title":{"rendered":"Interkultureller Herbst 2023"},"content":{"rendered":"\n<h3 class=\"wp-block-heading\">Programm IKH-23<\/h3>\n\n\n\n<figure class=\"wp-block-image size-full\"><img fetchpriority=\"high\" decoding=\"async\" width=\"603\" height=\"852\" src=\"https:\/\/netzwerk-migration-integration.de\/wp-content\/uploads\/2023\/09\/IKH-23.png\" alt=\"\" class=\"wp-image-1858\" srcset=\"https:\/\/netzwerk-migration-integration.de\/wp-content\/uploads\/2023\/09\/IKH-23.png 603w, https:\/\/netzwerk-migration-integration.de\/wp-content\/uploads\/2023\/09\/IKH-23-212x300.png 212w\" sizes=\"(max-width: 603px) 85vw, 603px\" \/><\/figure>\n\n\n\n<p class=\"wp-block-paragraph\"><\/p>\n\n\n\n<h3 class=\"wp-block-heading\">26.08.2023 &#8211; Lateinamerikanisches Kulturfest. <\/h3>\n\n\n\n<p class=\"wp-block-paragraph\"><a href=\"https:\/\/www.zibev.de\/\" target=\"_blank\" rel=\"noreferrer noopener\"><strong>ZiB e. V.<\/strong><\/a> und die <strong>Internationale Frauengruppe Ahrensburg<\/strong> veranstalten im Marstall ein Kulturfest mit Folklore: <br>T\u00e4nze, typische Speisen, Getr\u00e4nke, Lateinamerikanische Impressionen. <br>Tanzen f\u00fcr alle mit D.J. <br>Eintritt frei. <br><strong>17:00 &#8211; 22:00 Uhr, L\u00fcbecker Stra\u00dfe 8<\/strong>.<\/p>\n\n\n\n<h3 class=\"wp-block-heading\" id=\"block-b2c7084d-4df0-436a-9aa1-32275ef156b7\">17.09.2023 \u2013 Auftaktveranstaltung<br>\u201eFest ohne Grenzen 2023\u201d<\/h3>\n\n\n\n<p class=\"wp-block-paragraph\" id=\"block-1c5a8dd4-2805-42e5-95ae-fe61369e078d\">Ein vielf\u00e4ltiges Festprogramm mit Musik, mit Essen und Trinken, mit vielen Mitmachaktionen, Informationen und Begegnungen.<\/p>\n\n\n\n<p class=\"wp-block-paragraph\" id=\"block-af98ec0f-4019-47fb-922a-3ca3ba89a72c\">Dabei sind:<br><strong><a href=\"https:\/\/dksb-stormarn.de\/elefanto-spielmobil\" target=\"_blank\" rel=\"noreferrer noopener\">Das Spielmobil<\/a>, der <a href=\"https:\/\/runder-tisch-ahrensburg.de\">Runde Tisch Ahrensburg<\/a>, <a href=\"https:\/\/amnesty-stormarn.de\/\" target=\"_blank\" rel=\"noreferrer noopener\">amnesty international<\/a>,<\/strong> <strong>Ukrainischer Chor, <\/strong>die <strong>Breakdancer<\/strong> vom Bruno-Br\u00f6ker-Haus, der<strong> Verein VIVA<\/strong>, der <a href=\"http:\/\/freundeskreis-fluechtlinge.com\" target=\"_blank\" rel=\"noreferrer noopener\"><strong>Freundeskreis f\u00fcr Fl\u00fcchtlinge Ahrensburg e. V.<\/strong><\/a>, das<strong> <a href=\"https:\/\/awo-familienzentrum-stormarn.de\/ahrensburg\">AWO-FamilienHaus<\/a><\/strong>, das <a href=\"https:\/\/www.peter-rantzau-haus.de\/\" target=\"_blank\" rel=\"noreferrer noopener\"><strong>Peter-Rantzau-Haus<\/strong><\/a>.<br>Buffet mit internationaler K\u00fcche, Kaffee und Kuchen. <strong>JiM\u2019s Bar<\/strong> mit alkoholfreien Getr\u00e4nken.<br>F\u00fcr Musik sorgt das <strong>Bernike Trio<\/strong><br>Eintritt frei<br><strong>14:00 &#8211; 18:00 Uhr, im und am Peter-Rantzau-Haus, Manfred-Samusch-Str. 9<\/strong><\/p>\n\n\n\n<h3 class=\"wp-block-heading\" id=\"block-e9813cb3-99b2-42f5-96ae-3e9e24a675cd\">17.09.2023 &#8211; 25 Jahre Hospiz Ahrensburg e.V.<\/h3>\n\n\n\n<p class=\"wp-block-paragraph\">11:00 Uhr, Empfang im <strong>Kulturzentrum Marstall<\/strong> mit Er\u00f6ffnung der Kunstausstellung \u201eMit dem Tod LEBEN\u201c mit Arbeiten von Sch\u00fcler und Sch\u00fclerinnen der Stormarnschule und der Grundschule am W\u00f6hrendamm. Eintritt frei!<\/p>\n\n\n\n<hr class=\"wp-block-separator has-alpha-channel-opacity\"\/>\n\n\n\n<h3 class=\"wp-block-heading\">18.09.2023 &#8211; 25 Jahre Hospiz Ahrensburg e.V. <\/h3>\n\n\n\n<p class=\"wp-block-paragraph\">Talkrunde \u201eLeben eben \u2013 Ende offen?\u201c Moderation <strong>Hubertus Meyer-Burckhardt<\/strong>. G\u00e4ste: <strong>Gustav Peter W\u00f6hler<\/strong> (Schauspieler und S\u00e4nger), <strong>Heiner Melching <\/strong>(Gesch\u00e4ftsf\u00fchrer der Deutschen Gesellschaft f\u00fcr Palliativmedizin),<strong> Ayse Bosse<\/strong> (Autorin und Trauerbegleiterin f\u00fcr Kinder und Jugendliche), <strong>Johanna Klug<\/strong> (Sterbe- und Trauerbegleiterin, Autorin) <br>Eintritt frei<br><strong>19:30 Uhr<\/strong>, <strong>Kulturzentrum Marstall<\/strong><\/p>\n\n\n\n<hr class=\"wp-block-separator has-alpha-channel-opacity\"\/>\n\n\n\n<h3 class=\"wp-block-heading\">22.09.2023 &#8211; 25 Jahre Hospiz Ahrensburg e.V. <br>\u201eLeben eben \u2013 Ende offen!\u201c <\/h3>\n\n\n\n<p class=\"wp-block-paragraph\"><strong>19:30 Uhr,<\/strong> <strong>Hidden Shakespeare-Special<\/strong> im <strong>Kulturzentrum Marstall<\/strong>.<br>Tickets \u00fcber das <strong><a href=\"https:\/\/www.marstall-ahrensburg.de\/\" target=\"_blank\" rel=\"noreferrer noopener\">Kulturzentrum Marstall<\/a><\/strong><\/p>\n\n\n\n<hr class=\"wp-block-separator has-alpha-channel-opacity\"\/>\n\n\n\n<h3 class=\"wp-block-heading\">22.09.2023 &#8211; Runder Tisch Ahrensburg, Film <\/h3>\n\n\n\n<p class=\"wp-block-paragraph\">Der Film: <strong>DER ZWEITE ANSCHLAG<\/strong> \u2013 Rassistische Gewalt in Deutschland. Eine Anklage der Betroffenen &#8211; Im Gespr\u00e4ch mit <strong>Ibrahim Arslan<\/strong>. Ein Film \u00fcber die Zeit nach den fremdenfeindlichen Anschl\u00e4gen und \u00dcbergriffen in Hoyerswerda, Rostock, M\u00f6lln und Solingen. Ibrahim Arslan \u00fcberlebte als siebenj\u00e4hriger Junge die Brandanschl\u00e4ge auf zwei Wohnh\u00e4user in M\u00f6lln. Drei Familienmitglieder kamen im November 1992 ums Leben. Heute engagiert er sich daf\u00fcr, die Erinnerung wachzuhalten und der Perspektive der Opfer rechtsextremer Gewalt mehr Gewicht zu verleihen. <br>Wir haben im Anschluss an den Film die M\u00f6glichkeit zu einem Gespr\u00e4ch. <br><strong>17:00 Uhr<\/strong>, <strong>Denkmalturnhalle Stormarnschule, Waldstr. 14<\/strong>, der Eintritt ist frei.<br><\/p>\n\n\n\n<hr class=\"wp-block-separator has-alpha-channel-opacity\"\/>\n\n\n\n<h3 class=\"wp-block-heading\">23.09.2023 &#8211; Runder Tisch Ahrensburg \u2013 <br>DAS ARGUTRAINING<\/h3>\n\n\n\n<p class=\"wp-block-paragraph\"><strong>#WIeDER_SPRECHEN F\u00dcR DEMOKRATIE<\/strong> \u2013 Herabsetzende und ausgrenzende<br>\u00c4u\u00dferungen begegnen uns in der Schule, bei Familienfesten oder im Bus. Meist machen sie uns sprachlos. In unseren <strong>Argutrainings<\/strong> wird ge\u00fcbt, wie<br>man sich in solchen Situationen verhalten kann. Die Teilnehmenden lernen, welche Mechanismen bei Vorurteilen wirken. Sie \u00fcben Grenzen aufzuzei-<br>gen, zu widersprechen und mit anderen wieder ins Gespr\u00e4ch zu kommen. Durch das Training wird eine demokratische Kommunikationskultur gef\u00f6r-<br>dert. <br><strong>10:00 bis 16:30 Uhr<\/strong>, <strong>Peter-Rantzau-Haus, Manfred-Samusch-Str. 9<\/strong>. <br>Der Eintritt ist frei. Bitte um Anmeldung: <a href=\"&#109;&#97;&#x69;l&#116;&#x6f;&#x3a;i&#110;&#x66;&#x6f;&#64;&#114;&#x75;&#x6e;d&#101;&#x72;&#x2d;t&#105;&#x73;&#x63;h&#45;&#x61;h&#114;&#101;&#x6e;s&#98;&#x75;&#x72;g&#46;&#x64;&#x65;\" target=\"_blank\" rel=\"noreferrer noopener\">&#105;&#x6e;&#x66;o&#64;&#x72;u&#110;&#x64;&#x65;r&#45;&#x74;i&#115;&#x63;&#x68;-&#97;&#x68;r&#101;&#x6e;&#x73;&#98;&#117;&#x72;g&#46;&#x64;&#x65;<\/a><\/p>\n\n\n\n<hr class=\"wp-block-separator has-alpha-channel-opacity\"\/>\n\n\n\n<h3 class=\"wp-block-heading\" id=\"block-a6db5c56-63f6-4be3-81e1-0508fecfcbde\">25.09.2023 G\u00e4rten der Begegnung \u2013 <br>Tag der offenen Pforte<\/h3>\n\n\n\n<p class=\"wp-block-paragraph\" id=\"block-9ece8ce2-1ec5-4b6e-b319-ae4b0846f377\">Der \u201e<strong>Tag der offenen Pforte<\/strong>\u201d in den <strong>Interkulturellen G\u00e4rten<\/strong>  mit Kaffee und Kuchen, sowie besonderen Spezialit\u00e4ten und Erfrischungsgetr\u00e4nken.<br><strong>15.00 &#8211; 17.00 Uhr, Otto-Siege-Stra\u00dfe, Gartenholz<\/strong><\/p>\n\n\n\n<hr class=\"wp-block-separator has-alpha-channel-opacity\"\/>\n\n\n\n<h3 class=\"wp-block-heading\">24.09.2023 &#8211; Freundeskreis f\u00fcr Fl\u00fcchtlinge Ahrensburg e.V. <\/h3>\n\n\n\n<p class=\"wp-block-paragraph\">Der &#8222;FKFA&#8220; bittet zum \u201eHerbstfest\u201c im <strong>Ruki<\/strong>. Fest mit Grill, Flohmarkt, Spielen f\u00fcr Kinder, Musik.<br>Alle Ahrensburger sind willkommen! <br><strong>Von 11:00 bis 15:00 Uhr, <em>Ru<\/em>dolf-<em>Ki<\/em>nau-Str. 13-15.<\/strong><br><\/p>\n\n\n\n<hr class=\"wp-block-separator has-alpha-channel-opacity\"\/>\n\n\n\n<h3 class=\"wp-block-heading\">01.10.2023 &#8211; \u201eEngagierte Stadt\u201d Ahrensburg <\/h3>\n\n\n\n<p class=\"wp-block-paragraph\"><strong>Ehrenamtsmesse<\/strong> mit buntem Rahmenprogamm. <br>Es gibt zahlreiche B\u00fcrgerinnen und B\u00fcrger, die sich in ihrer Freizeit auf vielf\u00e4ltige Weise ehrenamtlich engagieren. Ohne sie k\u00f6nnten viele wichtige Aufgaben in unserer Gesellschaft nicht oder nur unzureichend erbracht werden. <br>Ehrenamtsmessen oder Freiwilligenb\u00f6rsen wollen interessierte Menschen und gemeinn\u00fctzige Projekte zusammenbringen. <br><strong>12:00 &#8211; 16:00 Uhr, Kulturzentrum Marstall, L\u00fcbecker Stra\u00dfe 8<\/strong>.<\/p>\n\n\n\n<hr class=\"wp-block-separator has-alpha-channel-opacity\"\/>\n\n\n\n<h3 class=\"wp-block-heading\" id=\"block-4d2447b5-2394-4bea-95b9-6eb8b0b532ca\">01.10.2023 &#8211; \u00c0 Table<\/h3>\n\n\n\n<p class=\"wp-block-paragraph\" id=\"block-954944e9-00e1-472d-b015-446366347eb7\">Internationale kulinarische Begegnung \u2013 jeder bringt etwas mit, alle teilen. <br><strong>16:00 &#8211; 19:00 Uhr, Kulturzentrum Marstall, drau\u00dfen an dem langen Tisch, L\u00fcbecker Stra\u00dfe 8<\/strong><\/p>\n\n\n\n<hr class=\"wp-block-separator has-alpha-channel-opacity\"\/>\n\n\n\n<h3 class=\"wp-block-heading\">01.10.2023 &#8211; Weltseniorentag <\/h3>\n\n\n\n<p class=\"wp-block-paragraph\">Lebensfreude kennt kein Alter \u2013 gemeinsam mit dem Seniorenbeirat wollen wir den Weltseniorentag feiern. Von den Vereinten Nationen beschlossen, w\u00fcrdigt er seit 1990 die Leistungen \u00e4lterer Menschen und den Gewinn, den sie dem gesellschaftlichen Zusammenleben bringen. <br><strong>Ab 11:00 Uhr, Peter-Rantzau-Haus, Manfred-Samusch-Str. 9<\/strong><\/p>\n\n\n\n<hr class=\"wp-block-separator has-alpha-channel-opacity\"\/>\n\n\n\n<h3 class=\"wp-block-heading\" id=\"block-bcbe8516-87a6-481a-bd73-dda99a697d9f\">03.10.2023 &#8211; Tag der offenen Moschee<\/h3>\n\n\n\n<p class=\"wp-block-paragraph\" id=\"block-dea3abbd-a157-4bc8-80a4-52c5567d2997\"><strong>Ulu Camii<\/strong> &#8211;<a href=\"https:\/\/www.oeffnungszeitenbuch.de\/filiale\/Ahrensburg-DITIB%2520Tuerkisch%2520Islamische%2520Gemeinde%2520zu%2520Ahrensburg%2520e.V.-3290494L.html\" target=\"_blank\" rel=\"noreferrer noopener\">T\u00fcrkisch-Islamische Gemeinde zu Ahrensburg<\/a> e. V.<br><strong>11.00 &#8211; 18.00 Uhr, Moschee, Woldenhorn 5<\/strong><\/p>\n\n\n\n<hr class=\"wp-block-separator has-alpha-channel-opacity\"\/>\n\n\n\n<h3 class=\"wp-block-heading\">06.10.2023 &#8211; Freundeskreis f\u00fcr Fl\u00fcchtlinge Ahrensburg e.V. <\/h3>\n\n\n\n<p class=\"wp-block-paragraph\"><strong>\u201eSchachturnier\u201c<\/strong>. Schach ist in den meisten Kulturen bekannt, so dass es keine Eintrittsh\u00fcrden gibt. <br>Schulpflichtige Kinder, junge Erwachsene und Erwachsene sind willkommen.<br>Eintritt frei. <br><strong>15:00 bis 20:00 Uhr, Peter-Rantzau-Haus.<\/strong><\/p>\n\n\n\n<hr class=\"wp-block-separator has-alpha-channel-opacity\"\/>\n\n\n\n<h3 class=\"wp-block-heading\">18.10.2023 &#8211; Blauer Elefant \u2013 Was isst du denn da? <\/h3>\n\n\n\n<p class=\"wp-block-paragraph\">Ein kleiner Snack zwischendurch sieht \u00fcberall auf der Welt anders aus. Original-Rezepte aus verschiedenen L\u00e4ndern werden gemeinsam gekocht und in einer gem\u00fctlichen Runde gegessen. Zielgruppe: Kinder von 6-12 Jahren. Anmeldung unter: <strong>04102-455809 KINDERHAUS BLAUER ELEFANT, H\u00f6rnumweg 2<\/strong>.<\/p>\n\n\n\n<hr class=\"wp-block-separator has-alpha-channel-opacity\"\/>\n\n\n\n<h3 class=\"wp-block-heading\">21.10.2023 &#8211; Latin-Night <\/h3>\n\n\n\n<p class=\"wp-block-paragraph\"><strong>Lateinamerikanische Musik<\/strong>, zum Anh\u00f6ren und nat\u00fcrlich mittanzen! <br>Wenn sie Salsa, Merengue, Bachata und vieles mehr m\u00f6gen \u2013<br>dann kann dies ihr Abend sein. <br>Eintritt 6,00 Euro<br><strong>Ab 19:00 Uhr, Peter-Rantzau-Haus, Manfred-Samusch-Str. 9<\/strong><\/p>\n\n\n\n<hr class=\"wp-block-separator has-alpha-channel-opacity\"\/>\n\n\n\n<h3 class=\"wp-block-heading\" id=\"block-686f98b2-573b-41a5-aad7-2826b1a544f4\">09.11.2023 &#8211; Gang des Erinnerns und der Ermutigung<\/h3>\n\n\n\n<p class=\"wp-block-paragraph\">Unter Beteiligung der weiterf\u00fchrenden Schulen in Ahrensburg.<br>Weitere Informationen finden Sie unter <a href=\"https:\/\/www.runder-tisch-ahrensburg.de\" target=\"_blank\" rel=\"noreferrer noopener\">www.runder-tisch-ahrensburg.de<\/a>. Beginn 16:00 Uhr am Stolperstein in der Ernst-Ziese-Stra\u00dfe.<\/p>\n\n\n\n<hr class=\"wp-block-separator has-alpha-channel-opacity\"\/>\n\n\n\n<h3 class=\"wp-block-heading\">15.12.2023 \u201eWeihnachten mal anders\u201c <\/h3>\n\n\n\n<p class=\"wp-block-paragraph\">Die <strong>Gleichstellungsbeauftragten<\/strong> von Ahrensburg, Bargteheide, Trittau und das Familienzentrum der AWO veranstalten ein Interkulturelles Familienfest mit Gesang, Tanz, Geschichten und Essen. <br>16:00 &#8211; 19:00 Uhr, Kulturzentrum Marstall, L\u00fcbecker Stra\u00dfe 8. Eintritt frei.<\/p>\n","protected":false},"excerpt":{"rendered":"<p>Programm IKH-23 26.08.2023 &#8211; Lateinamerikanisches Kulturfest. ZiB e. V. und die Internationale Frauengruppe Ahrensburg veranstalten im Marstall ein Kulturfest mit Folklore: T\u00e4nze, typische Speisen, Getr\u00e4nke, Lateinamerikanische Impressionen. Tanzen f\u00fcr alle mit D.J. Eintritt frei. 17:00 &#8211; 22:00 Uhr, L\u00fcbecker Stra\u00dfe 8. 17.09.2023 \u2013 Auftaktveranstaltung\u201eFest ohne Grenzen 2023\u201d Ein vielf\u00e4ltiges Festprogramm mit Musik, mit Essen und &hellip; <a href=\"https:\/\/netzwerk-migration-integration.de\/index.php\/interkultureller-herbst-2023\/\" class=\"more-link\"><span class=\"screen-reader-text\">\u201eInterkultureller Herbst 2023\u201c <\/span>weiterlesen<\/a><\/p>\n","protected":false},"author":2,"featured_media":0,"parent":0,"menu_order":0,"comment_status":"closed","ping_status":"closed","template":"","meta":{"_crdt_document":"","footnotes":""},"class_list":["post-1869","page","type-page","status-publish","hentry"],"yoast_head":"<!-- This site is optimized with the Yoast SEO plugin v27.5 - https:\/\/yoast.com\/product\/yoast-seo-wordpress\/ -->\n<title>Interkultureller Herbst 2023 - NetzWERK Migration &amp; Integration Ahrensburg<\/title>\n<meta name=\"robots\" content=\"index, follow, max-snippet:-1, max-image-preview:large, max-video-preview:-1\" \/>\n<link rel=\"canonical\" href=\"https:\/\/netzwerk-migration-integration.de\/index.php\/interkultureller-herbst-2023\/\" \/>\n<meta property=\"og:locale\" content=\"de_DE\" \/>\n<meta property=\"og:type\" content=\"article\" \/>\n<meta property=\"og:title\" content=\"Interkultureller Herbst 2023 - NetzWERK Migration &amp; Integration Ahrensburg\" \/>\n<meta property=\"og:description\" content=\"Programm IKH-23 26.08.2023 &#8211; Lateinamerikanisches Kulturfest. ZiB e. V. und die Internationale Frauengruppe Ahrensburg veranstalten im Marstall ein Kulturfest mit Folklore: T\u00e4nze, typische Speisen, Getr\u00e4nke, Lateinamerikanische Impressionen. Tanzen f\u00fcr alle mit D.J. Eintritt frei. 17:00 &#8211; 22:00 Uhr, L\u00fcbecker Stra\u00dfe 8. 17.09.2023 \u2013 Auftaktveranstaltung\u201eFest ohne Grenzen 2023\u201d Ein vielf\u00e4ltiges Festprogramm mit Musik, mit Essen und &hellip; \u201eInterkultureller Herbst 2023\u201c weiterlesen\" \/>\n<meta property=\"og:url\" content=\"https:\/\/netzwerk-migration-integration.de\/index.php\/interkultureller-herbst-2023\/\" \/>\n<meta property=\"og:site_name\" content=\"NetzWERK Migration &amp; Integration Ahrensburg\" \/>\n<meta property=\"article:modified_time\" content=\"2023-09-08T15:46:12+00:00\" \/>\n<meta property=\"og:image\" content=\"https:\/\/netzwerk-migration-integration.de\/wp-content\/uploads\/2023\/09\/IKH-23.png\" \/>\n<meta name=\"twitter:card\" content=\"summary_large_image\" \/>\n<meta name=\"twitter:label1\" content=\"Gesch\u00e4tzte Lesezeit\" \/>\n\t<meta name=\"twitter:data1\" content=\"5\u00a0Minuten\" \/>\n<script type=\"application\/ld+json\" class=\"yoast-schema-graph\">{\"@context\":\"https:\\\/\\\/schema.org\",\"@graph\":[{\"@type\":\"WebPage\",\"@id\":\"https:\\\/\\\/netzwerk-migration-integration.de\\\/index.php\\\/interkultureller-herbst-2023\\\/\",\"url\":\"https:\\\/\\\/netzwerk-migration-integration.de\\\/index.php\\\/interkultureller-herbst-2023\\\/\",\"name\":\"Interkultureller Herbst 2023 - NetzWERK Migration &amp; Integration Ahrensburg\",\"isPartOf\":{\"@id\":\"https:\\\/\\\/netzwerk-migration-integration.de\\\/#website\"},\"primaryImageOfPage\":{\"@id\":\"https:\\\/\\\/netzwerk-migration-integration.de\\\/index.php\\\/interkultureller-herbst-2023\\\/#primaryimage\"},\"image\":{\"@id\":\"https:\\\/\\\/netzwerk-migration-integration.de\\\/index.php\\\/interkultureller-herbst-2023\\\/#primaryimage\"},\"thumbnailUrl\":\"https:\\\/\\\/netzwerk-migration-integration.de\\\/wp-content\\\/uploads\\\/2023\\\/09\\\/IKH-23.png\",\"datePublished\":\"2023-09-08T15:04:32+00:00\",\"dateModified\":\"2023-09-08T15:46:12+00:00\",\"breadcrumb\":{\"@id\":\"https:\\\/\\\/netzwerk-migration-integration.de\\\/index.php\\\/interkultureller-herbst-2023\\\/#breadcrumb\"},\"inLanguage\":\"de\",\"potentialAction\":[{\"@type\":\"ReadAction\",\"target\":[\"https:\\\/\\\/netzwerk-migration-integration.de\\\/index.php\\\/interkultureller-herbst-2023\\\/\"]}]},{\"@type\":\"ImageObject\",\"inLanguage\":\"de\",\"@id\":\"https:\\\/\\\/netzwerk-migration-integration.de\\\/index.php\\\/interkultureller-herbst-2023\\\/#primaryimage\",\"url\":\"https:\\\/\\\/netzwerk-migration-integration.de\\\/wp-content\\\/uploads\\\/2023\\\/09\\\/IKH-23.png\",\"contentUrl\":\"https:\\\/\\\/netzwerk-migration-integration.de\\\/wp-content\\\/uploads\\\/2023\\\/09\\\/IKH-23.png\",\"width\":603,\"height\":852},{\"@type\":\"BreadcrumbList\",\"@id\":\"https:\\\/\\\/netzwerk-migration-integration.de\\\/index.php\\\/interkultureller-herbst-2023\\\/#breadcrumb\",\"itemListElement\":[{\"@type\":\"ListItem\",\"position\":1,\"name\":\"Home\",\"item\":\"https:\\\/\\\/netzwerk-migration-integration.de\\\/\"},{\"@type\":\"ListItem\",\"position\":2,\"name\":\"Interkultureller Herbst 2023\"}]},{\"@type\":\"WebSite\",\"@id\":\"https:\\\/\\\/netzwerk-migration-integration.de\\\/#website\",\"url\":\"https:\\\/\\\/netzwerk-migration-integration.de\\\/\",\"name\":\"NetzWERK Migration &amp; Integration Ahrensburg\",\"description\":\"\",\"publisher\":{\"@id\":\"https:\\\/\\\/netzwerk-migration-integration.de\\\/#organization\"},\"potentialAction\":[{\"@type\":\"SearchAction\",\"target\":{\"@type\":\"EntryPoint\",\"urlTemplate\":\"https:\\\/\\\/netzwerk-migration-integration.de\\\/?s={search_term_string}\"},\"query-input\":{\"@type\":\"PropertyValueSpecification\",\"valueRequired\":true,\"valueName\":\"search_term_string\"}}],\"inLanguage\":\"de\"},{\"@type\":\"Organization\",\"@id\":\"https:\\\/\\\/netzwerk-migration-integration.de\\\/#organization\",\"name\":\"NetzWERK Migration &amp; Integration Ahrensburg\",\"url\":\"https:\\\/\\\/netzwerk-migration-integration.de\\\/\",\"logo\":{\"@type\":\"ImageObject\",\"inLanguage\":\"de\",\"@id\":\"https:\\\/\\\/netzwerk-migration-integration.de\\\/#\\\/schema\\\/logo\\\/image\\\/\",\"url\":\"https:\\\/\\\/netzwerk-migration-integration.de\\\/wp-content\\\/uploads\\\/2018\\\/03\\\/cropped-NetzW-Logo_rgb-2-2.jpg\",\"contentUrl\":\"https:\\\/\\\/netzwerk-migration-integration.de\\\/wp-content\\\/uploads\\\/2018\\\/03\\\/cropped-NetzW-Logo_rgb-2-2.jpg\",\"width\":240,\"height\":74,\"caption\":\"NetzWERK Migration &amp; Integration Ahrensburg\"},\"image\":{\"@id\":\"https:\\\/\\\/netzwerk-migration-integration.de\\\/#\\\/schema\\\/logo\\\/image\\\/\"}}]}<\/script>\n<!-- \/ Yoast SEO plugin. -->","yoast_head_json":{"title":"Interkultureller Herbst 2023 - NetzWERK Migration &amp; Integration Ahrensburg","robots":{"index":"index","follow":"follow","max-snippet":"max-snippet:-1","max-image-preview":"max-image-preview:large","max-video-preview":"max-video-preview:-1"},"canonical":"https:\/\/netzwerk-migration-integration.de\/index.php\/interkultureller-herbst-2023\/","og_locale":"de_DE","og_type":"article","og_title":"Interkultureller Herbst 2023 - NetzWERK Migration &amp; Integration Ahrensburg","og_description":"Programm IKH-23 26.08.2023 &#8211; Lateinamerikanisches Kulturfest. ZiB e. V. und die Internationale Frauengruppe Ahrensburg veranstalten im Marstall ein Kulturfest mit Folklore: T\u00e4nze, typische Speisen, Getr\u00e4nke, Lateinamerikanische Impressionen. Tanzen f\u00fcr alle mit D.J. Eintritt frei. 17:00 &#8211; 22:00 Uhr, L\u00fcbecker Stra\u00dfe 8. 17.09.2023 \u2013 Auftaktveranstaltung\u201eFest ohne Grenzen 2023\u201d Ein vielf\u00e4ltiges Festprogramm mit Musik, mit Essen und &hellip; \u201eInterkultureller Herbst 2023\u201c weiterlesen","og_url":"https:\/\/netzwerk-migration-integration.de\/index.php\/interkultureller-herbst-2023\/","og_site_name":"NetzWERK Migration &amp; Integration Ahrensburg","article_modified_time":"2023-09-08T15:46:12+00:00","og_image":[{"url":"https:\/\/netzwerk-migration-integration.de\/wp-content\/uploads\/2023\/09\/IKH-23.png","type":"","width":"","height":""}],"twitter_card":"summary_large_image","twitter_misc":{"Gesch\u00e4tzte Lesezeit":"5\u00a0Minuten"},"schema":{"@context":"https:\/\/schema.org","@graph":[{"@type":"WebPage","@id":"https:\/\/netzwerk-migration-integration.de\/index.php\/interkultureller-herbst-2023\/","url":"https:\/\/netzwerk-migration-integration.de\/index.php\/interkultureller-herbst-2023\/","name":"Interkultureller Herbst 2023 - NetzWERK Migration &amp; Integration Ahrensburg","isPartOf":{"@id":"https:\/\/netzwerk-migration-integration.de\/#website"},"primaryImageOfPage":{"@id":"https:\/\/netzwerk-migration-integration.de\/index.php\/interkultureller-herbst-2023\/#primaryimage"},"image":{"@id":"https:\/\/netzwerk-migration-integration.de\/index.php\/interkultureller-herbst-2023\/#primaryimage"},"thumbnailUrl":"https:\/\/netzwerk-migration-integration.de\/wp-content\/uploads\/2023\/09\/IKH-23.png","datePublished":"2023-09-08T15:04:32+00:00","dateModified":"2023-09-08T15:46:12+00:00","breadcrumb":{"@id":"https:\/\/netzwerk-migration-integration.de\/index.php\/interkultureller-herbst-2023\/#breadcrumb"},"inLanguage":"de","potentialAction":[{"@type":"ReadAction","target":["https:\/\/netzwerk-migration-integration.de\/index.php\/interkultureller-herbst-2023\/"]}]},{"@type":"ImageObject","inLanguage":"de","@id":"https:\/\/netzwerk-migration-integration.de\/index.php\/interkultureller-herbst-2023\/#primaryimage","url":"https:\/\/netzwerk-migration-integration.de\/wp-content\/uploads\/2023\/09\/IKH-23.png","contentUrl":"https:\/\/netzwerk-migration-integration.de\/wp-content\/uploads\/2023\/09\/IKH-23.png","width":603,"height":852},{"@type":"BreadcrumbList","@id":"https:\/\/netzwerk-migration-integration.de\/index.php\/interkultureller-herbst-2023\/#breadcrumb","itemListElement":[{"@type":"ListItem","position":1,"name":"Home","item":"https:\/\/netzwerk-migration-integration.de\/"},{"@type":"ListItem","position":2,"name":"Interkultureller Herbst 2023"}]},{"@type":"WebSite","@id":"https:\/\/netzwerk-migration-integration.de\/#website","url":"https:\/\/netzwerk-migration-integration.de\/","name":"NetzWERK Migration &amp; Integration Ahrensburg","description":"","publisher":{"@id":"https:\/\/netzwerk-migration-integration.de\/#organization"},"potentialAction":[{"@type":"SearchAction","target":{"@type":"EntryPoint","urlTemplate":"https:\/\/netzwerk-migration-integration.de\/?s={search_term_string}"},"query-input":{"@type":"PropertyValueSpecification","valueRequired":true,"valueName":"search_term_string"}}],"inLanguage":"de"},{"@type":"Organization","@id":"https:\/\/netzwerk-migration-integration.de\/#organization","name":"NetzWERK Migration &amp; Integration Ahrensburg","url":"https:\/\/netzwerk-migration-integration.de\/","logo":{"@type":"ImageObject","inLanguage":"de","@id":"https:\/\/netzwerk-migration-integration.de\/#\/schema\/logo\/image\/","url":"https:\/\/netzwerk-migration-integration.de\/wp-content\/uploads\/2018\/03\/cropped-NetzW-Logo_rgb-2-2.jpg","contentUrl":"https:\/\/netzwerk-migration-integration.de\/wp-content\/uploads\/2018\/03\/cropped-NetzW-Logo_rgb-2-2.jpg","width":240,"height":74,"caption":"NetzWERK Migration &amp; Integration Ahrensburg"},"image":{"@id":"https:\/\/netzwerk-migration-integration.de\/#\/schema\/logo\/image\/"}}]}},"_links":{"self":[{"href":"https:\/\/netzwerk-migration-integration.de\/index.php\/wp-json\/wp\/v2\/pages\/1869","targetHints":{"allow":["GET"]}}],"collection":[{"href":"https:\/\/netzwerk-migration-integration.de\/index.php\/wp-json\/wp\/v2\/pages"}],"about":[{"href":"https:\/\/netzwerk-migration-integration.de\/index.php\/wp-json\/wp\/v2\/types\/page"}],"author":[{"embeddable":true,"href":"https:\/\/netzwerk-migration-integration.de\/index.php\/wp-json\/wp\/v2\/users\/2"}],"replies":[{"embeddable":true,"href":"https:\/\/netzwerk-migration-integration.de\/index.php\/wp-json\/wp\/v2\/comments?post=1869"}],"version-history":[{"count":5,"href":"https:\/\/netzwerk-migration-integration.de\/index.php\/wp-json\/wp\/v2\/pages\/1869\/revisions"}],"predecessor-version":[{"id":1883,"href":"https:\/\/netzwerk-migration-integration.de\/index.php\/wp-json\/wp\/v2\/pages\/1869\/revisions\/1883"}],"wp:attachment":[{"href":"https:\/\/netzwerk-migration-integration.de\/index.php\/wp-json\/wp\/v2\/media?parent=1869"}],"curies":[{"name":"wp","href":"https:\/\/api.w.org\/{rel}","templated":true}]}}