{"id":18,"date":"2018-02-15T10:44:42","date_gmt":"2018-02-15T10:44:42","guid":{"rendered":"http:\/\/netzwerk-migration-integration.de\/?page_id=18"},"modified":"2021-02-19T11:19:17","modified_gmt":"2021-02-19T10:19:17","slug":"startseite","status":"publish","type":"page","link":"https:\/\/netzwerk-migration-integration.de\/index.php\/startseite\/","title":{"rendered":"\u00dcber uns"},"content":{"rendered":"<p><strong>Was ist das NetzWERK?<\/strong><br \/>\nDas <em>NetzWERK Migration &amp; Integration f\u00fcr ein besseres Zusammenleben in Ahrensburg<\/em> ist ein nichtinstitutionelles Diskussions- und Aktionsforum deutscher und nichtdeutscher B\u00fcrgerinnen\/B\u00fcrger, Organisationen, Arbeitskreise und sonstiger \u2013 auch privater \u2013 Initiativen, die darauf ausgerichtet sind, die Interkulturalit\u00e4t Ahrensburgs in der \u00d6ffentlichkeit zu vertreten, sowie die gesellschaftliche und kulturelle Integration aller hier lebenden Menschen unter Ber\u00fccksichtigung der Verschiedenheit ethnischer, kultureller und sozialer Lebenshintergr\u00fcnde zu f\u00f6rdern. Die Grundlage f\u00fcr die Arbeit des Netzwerkes bildet die <a href=\"https:\/\/www.menschenrechtserklaerung.de\/\" target=\"_blank\" rel=\"noopener noreferrer\">UN-Charta \u00fcber die Menschenrechte<\/a>. Das NetzWERK agiert \u00fcberparteilich, konfessionell nicht gebunden und es verfolgt keine eigenen wirtschaftlichen Interessen.<\/p>\n<p>Die ausf\u00fchrliche Darstellung unserer Ziele und Aufgaben<a href=\"https:\/\/netzwerk-migration-integration.de\/wp-content\/uploads\/2018\/02\/Netzwerk-Migration-und-Integration-Ziele-und-Aufgaben-Fassung-27.-9.-2016.pdf\"> in der Fassung vom 27.9.2016<\/a><strong>.<\/strong><\/p>\n","protected":false},"excerpt":{"rendered":"<p>Was ist das NetzWERK? Das NetzWERK Migration &amp; Integration f\u00fcr ein besseres Zusammenleben in Ahrensburg ist ein nichtinstitutionelles Diskussions- und Aktionsforum deutscher und nichtdeutscher B\u00fcrgerinnen\/B\u00fcrger, Organisationen, Arbeitskreise und sonstiger \u2013 auch privater \u2013 Initiativen, die darauf ausgerichtet sind, die Interkulturalit\u00e4t Ahrensburgs in der \u00d6ffentlichkeit zu vertreten, sowie die gesellschaftliche und kulturelle Integration aller hier lebenden &hellip; <a href=\"https:\/\/netzwerk-migration-integration.de\/index.php\/startseite\/\" class=\"more-link\"><span class=\"screen-reader-text\">\u201e\u00dcber uns\u201c <\/span>weiterlesen<\/a><\/p>\n","protected":false},"author":2,"featured_media":0,"parent":0,"menu_order":0,"comment_status":"closed","ping_status":"closed","template":"","meta":{"_crdt_document":"","footnotes":""},"class_list":["post-18","page","type-page","status-publish","hentry"],"yoast_head":"<!-- This site is optimized with the Yoast SEO plugin v27.4 - https:\/\/yoast.com\/product\/yoast-seo-wordpress\/ -->\n<title>\u00dcber uns - NetzWERK Migration &amp; Integration Ahrensburg<\/title>\n<meta name=\"robots\" content=\"index, follow, max-snippet:-1, max-image-preview:large, max-video-preview:-1\" \/>\n<link rel=\"canonical\" href=\"https:\/\/netzwerk-migration-integration.de\/index.php\/startseite\/\" \/>\n<meta property=\"og:locale\" content=\"de_DE\" \/>\n<meta property=\"og:type\" content=\"article\" \/>\n<meta property=\"og:title\" content=\"\u00dcber uns - NetzWERK Migration &amp; Integration Ahrensburg\" \/>\n<meta property=\"og:description\" content=\"Was ist das NetzWERK? Das NetzWERK Migration &amp; Integration f\u00fcr ein besseres Zusammenleben in Ahrensburg ist ein nichtinstitutionelles Diskussions- und Aktionsforum deutscher und nichtdeutscher B\u00fcrgerinnen\/B\u00fcrger, Organisationen, Arbeitskreise und sonstiger \u2013 auch privater \u2013 Initiativen, die darauf ausgerichtet sind, die Interkulturalit\u00e4t Ahrensburgs in der \u00d6ffentlichkeit zu vertreten, sowie die gesellschaftliche und kulturelle Integration aller hier lebenden &hellip; \u201e\u00dcber uns\u201c weiterlesen\" \/>\n<meta property=\"og:url\" content=\"https:\/\/netzwerk-migration-integration.de\/index.php\/startseite\/\" \/>\n<meta property=\"og:site_name\" content=\"NetzWERK Migration &amp; Integration Ahrensburg\" \/>\n<meta property=\"article:modified_time\" content=\"2021-02-19T10:19:17+00:00\" \/>\n<meta name=\"twitter:card\" content=\"summary_large_image\" \/>\n<meta name=\"twitter:label1\" content=\"Gesch\u00e4tzte Lesezeit\" \/>\n\t<meta name=\"twitter:data1\" content=\"1\u00a0Minute\" \/>\n<script type=\"application\/ld+json\" class=\"yoast-schema-graph\">{\"@context\":\"https:\\\/\\\/schema.org\",\"@graph\":[{\"@type\":\"WebPage\",\"@id\":\"https:\\\/\\\/netzwerk-migration-integration.de\\\/index.php\\\/startseite\\\/\",\"url\":\"https:\\\/\\\/netzwerk-migration-integration.de\\\/index.php\\\/startseite\\\/\",\"name\":\"\u00dcber uns - NetzWERK Migration &amp; Integration Ahrensburg\",\"isPartOf\":{\"@id\":\"https:\\\/\\\/netzwerk-migration-integration.de\\\/#website\"},\"datePublished\":\"2018-02-15T10:44:42+00:00\",\"dateModified\":\"2021-02-19T10:19:17+00:00\",\"breadcrumb\":{\"@id\":\"https:\\\/\\\/netzwerk-migration-integration.de\\\/index.php\\\/startseite\\\/#breadcrumb\"},\"inLanguage\":\"de\",\"potentialAction\":[{\"@type\":\"ReadAction\",\"target\":[\"https:\\\/\\\/netzwerk-migration-integration.de\\\/index.php\\\/startseite\\\/\"]}]},{\"@type\":\"BreadcrumbList\",\"@id\":\"https:\\\/\\\/netzwerk-migration-integration.de\\\/index.php\\\/startseite\\\/#breadcrumb\",\"itemListElement\":[{\"@type\":\"ListItem\",\"position\":1,\"name\":\"Home\",\"item\":\"https:\\\/\\\/netzwerk-migration-integration.de\\\/\"},{\"@type\":\"ListItem\",\"position\":2,\"name\":\"\u00dcber uns\"}]},{\"@type\":\"WebSite\",\"@id\":\"https:\\\/\\\/netzwerk-migration-integration.de\\\/#website\",\"url\":\"https:\\\/\\\/netzwerk-migration-integration.de\\\/\",\"name\":\"NetzWERK Migration &amp; Integration Ahrensburg\",\"description\":\"\",\"publisher\":{\"@id\":\"https:\\\/\\\/netzwerk-migration-integration.de\\\/#organization\"},\"potentialAction\":[{\"@type\":\"SearchAction\",\"target\":{\"@type\":\"EntryPoint\",\"urlTemplate\":\"https:\\\/\\\/netzwerk-migration-integration.de\\\/?s={search_term_string}\"},\"query-input\":{\"@type\":\"PropertyValueSpecification\",\"valueRequired\":true,\"valueName\":\"search_term_string\"}}],\"inLanguage\":\"de\"},{\"@type\":\"Organization\",\"@id\":\"https:\\\/\\\/netzwerk-migration-integration.de\\\/#organization\",\"name\":\"NetzWERK Migration &amp; Integration Ahrensburg\",\"url\":\"https:\\\/\\\/netzwerk-migration-integration.de\\\/\",\"logo\":{\"@type\":\"ImageObject\",\"inLanguage\":\"de\",\"@id\":\"https:\\\/\\\/netzwerk-migration-integration.de\\\/#\\\/schema\\\/logo\\\/image\\\/\",\"url\":\"https:\\\/\\\/netzwerk-migration-integration.de\\\/wp-content\\\/uploads\\\/2018\\\/03\\\/cropped-NetzW-Logo_rgb-2-2.jpg\",\"contentUrl\":\"https:\\\/\\\/netzwerk-migration-integration.de\\\/wp-content\\\/uploads\\\/2018\\\/03\\\/cropped-NetzW-Logo_rgb-2-2.jpg\",\"width\":240,\"height\":74,\"caption\":\"NetzWERK Migration &amp; Integration Ahrensburg\"},\"image\":{\"@id\":\"https:\\\/\\\/netzwerk-migration-integration.de\\\/#\\\/schema\\\/logo\\\/image\\\/\"}}]}<\/script>\n<!-- \/ Yoast SEO plugin. -->","yoast_head_json":{"title":"\u00dcber uns - NetzWERK Migration &amp; Integration Ahrensburg","robots":{"index":"index","follow":"follow","max-snippet":"max-snippet:-1","max-image-preview":"max-image-preview:large","max-video-preview":"max-video-preview:-1"},"canonical":"https:\/\/netzwerk-migration-integration.de\/index.php\/startseite\/","og_locale":"de_DE","og_type":"article","og_title":"\u00dcber uns - NetzWERK Migration &amp; Integration Ahrensburg","og_description":"Was ist das NetzWERK? Das NetzWERK Migration &amp; Integration f\u00fcr ein besseres Zusammenleben in Ahrensburg ist ein nichtinstitutionelles Diskussions- und Aktionsforum deutscher und nichtdeutscher B\u00fcrgerinnen\/B\u00fcrger, Organisationen, Arbeitskreise und sonstiger \u2013 auch privater \u2013 Initiativen, die darauf ausgerichtet sind, die Interkulturalit\u00e4t Ahrensburgs in der \u00d6ffentlichkeit zu vertreten, sowie die gesellschaftliche und kulturelle Integration aller hier lebenden &hellip; \u201e\u00dcber uns\u201c weiterlesen","og_url":"https:\/\/netzwerk-migration-integration.de\/index.php\/startseite\/","og_site_name":"NetzWERK Migration &amp; Integration Ahrensburg","article_modified_time":"2021-02-19T10:19:17+00:00","twitter_card":"summary_large_image","twitter_misc":{"Gesch\u00e4tzte Lesezeit":"1\u00a0Minute"},"schema":{"@context":"https:\/\/schema.org","@graph":[{"@type":"WebPage","@id":"https:\/\/netzwerk-migration-integration.de\/index.php\/startseite\/","url":"https:\/\/netzwerk-migration-integration.de\/index.php\/startseite\/","name":"\u00dcber uns - NetzWERK Migration &amp; Integration Ahrensburg","isPartOf":{"@id":"https:\/\/netzwerk-migration-integration.de\/#website"},"datePublished":"2018-02-15T10:44:42+00:00","dateModified":"2021-02-19T10:19:17+00:00","breadcrumb":{"@id":"https:\/\/netzwerk-migration-integration.de\/index.php\/startseite\/#breadcrumb"},"inLanguage":"de","potentialAction":[{"@type":"ReadAction","target":["https:\/\/netzwerk-migration-integration.de\/index.php\/startseite\/"]}]},{"@type":"BreadcrumbList","@id":"https:\/\/netzwerk-migration-integration.de\/index.php\/startseite\/#breadcrumb","itemListElement":[{"@type":"ListItem","position":1,"name":"Home","item":"https:\/\/netzwerk-migration-integration.de\/"},{"@type":"ListItem","position":2,"name":"\u00dcber uns"}]},{"@type":"WebSite","@id":"https:\/\/netzwerk-migration-integration.de\/#website","url":"https:\/\/netzwerk-migration-integration.de\/","name":"NetzWERK Migration &amp; Integration Ahrensburg","description":"","publisher":{"@id":"https:\/\/netzwerk-migration-integration.de\/#organization"},"potentialAction":[{"@type":"SearchAction","target":{"@type":"EntryPoint","urlTemplate":"https:\/\/netzwerk-migration-integration.de\/?s={search_term_string}"},"query-input":{"@type":"PropertyValueSpecification","valueRequired":true,"valueName":"search_term_string"}}],"inLanguage":"de"},{"@type":"Organization","@id":"https:\/\/netzwerk-migration-integration.de\/#organization","name":"NetzWERK Migration &amp; Integration Ahrensburg","url":"https:\/\/netzwerk-migration-integration.de\/","logo":{"@type":"ImageObject","inLanguage":"de","@id":"https:\/\/netzwerk-migration-integration.de\/#\/schema\/logo\/image\/","url":"https:\/\/netzwerk-migration-integration.de\/wp-content\/uploads\/2018\/03\/cropped-NetzW-Logo_rgb-2-2.jpg","contentUrl":"https:\/\/netzwerk-migration-integration.de\/wp-content\/uploads\/2018\/03\/cropped-NetzW-Logo_rgb-2-2.jpg","width":240,"height":74,"caption":"NetzWERK Migration &amp; Integration Ahrensburg"},"image":{"@id":"https:\/\/netzwerk-migration-integration.de\/#\/schema\/logo\/image\/"}}]}},"_links":{"self":[{"href":"https:\/\/netzwerk-migration-integration.de\/index.php\/wp-json\/wp\/v2\/pages\/18","targetHints":{"allow":["GET"]}}],"collection":[{"href":"https:\/\/netzwerk-migration-integration.de\/index.php\/wp-json\/wp\/v2\/pages"}],"about":[{"href":"https:\/\/netzwerk-migration-integration.de\/index.php\/wp-json\/wp\/v2\/types\/page"}],"author":[{"embeddable":true,"href":"https:\/\/netzwerk-migration-integration.de\/index.php\/wp-json\/wp\/v2\/users\/2"}],"replies":[{"embeddable":true,"href":"https:\/\/netzwerk-migration-integration.de\/index.php\/wp-json\/wp\/v2\/comments?post=18"}],"version-history":[{"count":21,"href":"https:\/\/netzwerk-migration-integration.de\/index.php\/wp-json\/wp\/v2\/pages\/18\/revisions"}],"predecessor-version":[{"id":1310,"href":"https:\/\/netzwerk-migration-integration.de\/index.php\/wp-json\/wp\/v2\/pages\/18\/revisions\/1310"}],"wp:attachment":[{"href":"https:\/\/netzwerk-migration-integration.de\/index.php\/wp-json\/wp\/v2\/media?parent=18"}],"curies":[{"name":"wp","href":"https:\/\/api.w.org\/{rel}","templated":true}]}}