{"id":1572,"date":"2020-06-18T16:59:50","date_gmt":"2020-06-18T15:59:50","guid":{"rendered":"http:\/\/netzwerk-migration-integration.de\/?page_id=1572"},"modified":"2020-11-02T22:57:27","modified_gmt":"2020-11-02T21:57:27","slug":"interkultureller-herbst-2020","status":"publish","type":"page","link":"https:\/\/netzwerk-migration-integration.de\/index.php\/interkultureller-herbst-2020\/","title":{"rendered":"Interkultureller Herbst 2020"},"content":{"rendered":"<div class=\"canvasWrapper\" style=\"text-align: left;\">\n<p style=\"text-align: left;\">Wir freuen uns sehr, dass wir auch in diesem Jahr ein Programm f\u00fcr den Interkulturellen Herbst zusammenstellen konnten.<\/p>\n<p>Zu Ihrer Information und f\u00fcr Ihren Terminkalender hier die Termine; wegen Corona ist die Durchf\u00fchrung leider noch v\u00f6llig ungewiss. Einige Veranstalter haben sich wegen Corona auch bisher sehr zur\u00fcckgehalten. Es ist also gut m\u00f6glich, dass kurzfristig noch Termine dazu kommen und der eine oder andere sich noch etwas \u00e4ndert. Die traditionelle Pressekonferenz mit dem aktuellen Stand und der Ver\u00f6ffentlichung der Brosch\u00fcre wird dann nach den Sommerferien stattfinden.<\/p>\n<hr \/>Sonntag 20.09.2020, 18.00 Uhr &#8211; <strong><strong>\u00c0 Table<\/strong><\/strong>\n<p>\u00a0<\/p>\n<p><img decoding=\"async\" class=\" wp-image-234 alignright\" src=\"https:\/\/netzwerk-migration-integration.de\/wp-content\/uploads\/2018\/08\/logo_la_cuisine.png\" alt=\"\" width=\"156\" height=\"98\" \/><\/p>\n<p>Kulturzentrum Marstall <br \/>in Zusammenarbeit mit Bernard Bonnin<\/p>\n<p><strong>Auftaktveranstaltung \u201eInterkultureller Herbst 2020 in Ahrensburg\u201d<\/strong><br \/><img decoding=\"async\" class=\"wp-image-232 alignleft\" src=\"https:\/\/netzwerk-migration-integration.de\/wp-content\/uploads\/2018\/08\/IKH_logo_marstall.jpg\" alt=\"\" width=\"164\" height=\"46\" \/>Internationale kulinarische Begegnung \u2013jeder bringt etwas mit, alle teilen.<\/p>\n<p>Das Essen kann leider nicht wie sonst geteilt werden, sondern jede\/r verzehrt sein eigenes mitgebrachtes Gericht. Trotzdem hoffen wir auf gute Begegnungen<br \/>und fr\u00f6hliche Gespr\u00e4che.<br \/>Corona zwingt uns bestimmte Ma\u00dfnahmen zu beachten: Die Teilnehmerzahl ist auf 30 Personen begrenzt und nur nach Anmeldung per Mail mit Name, Adresse<br \/>und Telefonnummer an <strong><a href=\"&#109;&#x61;&#x69;l&#116;&#x6f;:&#105;&#x6e;&#x66;&#111;&#x40;&#x6d;a&#114;&#x73;t&#97;&#x6c;&#x6c;&#45;&#x61;&#x68;r&#101;&#x6e;s&#98;&#x75;&#x72;&#103;&#x2e;&#x64;e\" target=\"_blank\" rel=\"noopener noreferrer\">&#105;&#x6e;&#102;&#x6f;&#64;&#109;&#x61;&#114;&#x73;t&#x61;l&#108;&#x2d;&#97;&#x68;r&#x65;&#x6e;&#115;&#x62;u&#x72;g&#46;&#x64;&#101;<\/a><\/strong> m\u00f6glich.<br \/>Kulturzentrum Marstall, Lu\u0308becker Stra\u00dfe 8<\/p>\n<hr \/>\n<p><img decoding=\"async\" class=\"wp-image-233 alignleft\" src=\"https:\/\/netzwerk-migration-integration.de\/wp-content\/uploads\/2018\/08\/IKH_Logo_Buecherei.jpg\" alt=\"\" width=\"128\" height=\"130\" \/>Montag 21.09.2020, 19:00 Uhr &#8211; <strong>Die Inszenierung von Politik<\/strong>, Vortrag von Claudius Kroker.<br \/>Was ist echt, was ist inszeniert? Warum braucht es \u00fcberhaupt die Inszenierung?<br \/>Stadtb\u00fccherei, Manfred-Samusch-Str. 3<\/p>\n<hr \/>\n<p><img loading=\"lazy\" decoding=\"async\" class=\"wp-image-153 alignleft\" src=\"https:\/\/netzwerk-migration-integration.de\/wp-content\/uploads\/2018\/04\/DiD.jpg\" alt=\"\" width=\"142\" height=\"144\" srcset=\"https:\/\/netzwerk-migration-integration.de\/wp-content\/uploads\/2018\/04\/DiD.jpg 550w, https:\/\/netzwerk-migration-integration.de\/wp-content\/uploads\/2018\/04\/DiD-297x300.jpg 297w\" sizes=\"(max-width: 142px) 85vw, 142px\" \/>Mittwoch, 23.09.2020, an jedem Mittwoch jeweils von 17-18 Uhr <strong>Dialog international<\/strong> \u2013 Reden, Spielen, Lachen, Kennenlernen auf Deutsch f\u00fcr ALLE (auch ohne Sprachkenntnisse).<br \/>Stadtb\u00fccherei, Manfred-Samusch-Str. 3<\/p>\n<hr \/>\n<p>Sonntag, 27.09.2020 &#8211; Der \u201e<strong>Tag der offenen Pforte<\/strong>\u201c des Stadtteil-Arbeitskreis \u201eDie Gartenh\u00f6lzer\u201c wurde leider &#8211; coronabedingt &#8211; <strong>abgesagt<\/strong>.<\/p>\n<hr \/>\n<p><img loading=\"lazy\" decoding=\"async\" class=\" wp-image-335 alignright\" src=\"https:\/\/netzwerk-migration-integration.de\/wp-content\/uploads\/2018\/10\/logo_awo.png\" alt=\"\" width=\"127\" height=\"127\" srcset=\"https:\/\/netzwerk-migration-integration.de\/wp-content\/uploads\/2018\/10\/logo_awo.png 250w, https:\/\/netzwerk-migration-integration.de\/wp-content\/uploads\/2018\/10\/logo_awo-150x150.png 150w\" sizes=\"(max-width: 127px) 85vw, 127px\" \/>Dienstag, 29.09.2020, 15 \u2013 17 Uhr \u2013 \u201e<strong>SH &#8211; Ahrensburg &#8211; spricht&#8230; \u00fcber Rassismus<\/strong>\u201c stattLADEN<\/p>\n<p>Die AWO l\u00e4dt B\u00fcrger*innen mit mehreren Kooperationspartner*innen zum landesweiten Dialog-Speed-Dating an \u00fcber 20 Orten zum Thema Rassismus ein.<br \/><strong>Manhagener Allee 10a<\/strong><\/p>\n<hr \/>\n<p>Mittwoch, 30.09.2020, 19.30-21.00 Uhr &#8211; Politik in der Remise \u2013<\/p>\n<p><strong><img loading=\"lazy\" decoding=\"async\" class=\"wp-image-232 alignleft\" src=\"https:\/\/netzwerk-migration-integration.de\/wp-content\/uploads\/2018\/08\/IKH_logo_marstall.jpg\" alt=\"\" width=\"172\" height=\"48\" \/>Die EU: Friedensmacht, Wirtschaftsgemeinschaft oder politischer Akteur?<\/strong><\/p>\n<p><img loading=\"lazy\" decoding=\"async\" class=\"size-full wp-image-304 alignright\" src=\"https:\/\/netzwerk-migration-integration.de\/wp-content\/uploads\/2018\/09\/logo_vhs.jpg\" alt=\"\" width=\"151\" height=\"59\" srcset=\"https:\/\/netzwerk-migration-integration.de\/wp-content\/uploads\/2018\/09\/logo_vhs.jpg 151w, https:\/\/netzwerk-migration-integration.de\/wp-content\/uploads\/2018\/09\/logo_vhs-150x59.jpg 150w\" sizes=\"(max-width: 151px) 85vw, 151px\" \/>VHS-Ahrensburg und Marstall (Mit Unterst\u00fctzung der ZEIT-Stiftung Ebelin und Gerd Bucerius)<\/p>\n<p>In seinem Vortrag befasst sich <strong>August Pradetto<\/strong> mit der Stellung der EU im internationalen System. Dabei analysiert er ihre unterschiedlichen, durchaus nicht eindeutig definierten Rollen als Friedensmacht, als Wirtschaftsmacht und als normative Macht. Pradetto wird der Frage nachgehen, wie die Union als internationaler Sicherheitsakteur zu bewerten ist.<br \/><strong>Kulturzentrum Marstall, L\u00fcbecker Stra\u00dfe 8<\/strong><\/p>\n<hr \/>\n<p>Samstag 03.10.2020 &#8211; <strong>TAG DER OFFENEN MOSCHEE<\/strong> \u2013<br \/><strong>Ulu Camii -Tu\u0308rkisch-Islamische Gemeinde zu Ahrensburg e. V.<\/strong><br \/><strong>Woldenhorn 5<\/strong><\/p>\n<hr \/>\n<p><img loading=\"lazy\" decoding=\"async\" class=\" wp-image-312 alignleft\" src=\"https:\/\/netzwerk-migration-integration.de\/wp-content\/uploads\/2018\/09\/logo_blauer_elefant.jpg\" alt=\"\" width=\"171\" height=\"201\" \/>05.-09.10.2020, jeweils von 13-16 Uhr &#8211; &#8222;<strong>Kulinarische Reise um die Welt&#8220;<br \/><\/strong> <strong>Deutscher Kinderschutzbund Stormarn e.V.<\/strong><\/p>\n<p>Die Kinder aus dem <strong>Kinderhaus Blauer Elefant<\/strong> kochen gemeinsam landestypische Gerichte aus Indien, Polen, Syrien, Schweden und dem Iran.<\/p>\n<p>F\u00fcr Kinder von 6-12 Jahren.<br \/><strong>H\u00f6rnumweg 2, 22926 Ahrensburg<\/strong><\/p>\n<hr \/>\n<p><img loading=\"lazy\" decoding=\"async\" class=\" wp-image-234 alignleft\" src=\"https:\/\/netzwerk-migration-integration.de\/wp-content\/uploads\/2018\/08\/logo_la_cuisine.png\" alt=\"\" width=\"156\" height=\"98\" \/>Sonntag 25.10.2020 &#8211; <strong>\u00c0 Table <br \/><\/strong>Kulturzentrum Marstall in Zusammenarbeit mit Bernard Bonnin<\/p>\n<p>Dieser Termin musste leider <strong>abgesagt<\/strong> werden.<\/p>\n<hr \/><span style=\"color: #ff6600;\"><strong>OnlineVeranstaltung<\/strong><\/span><br \/>&#8222;<strong>Ahrensburg, Schimmelmann und der Sklavenhandel<\/strong>&#8222;<br \/>Interkultureller Gespr\u00e4chskreis Stormarn<\/div>\n<div class=\"canvasWrapper\" style=\"text-align: left;\">in Zusammenarbeit mit der VHS Ahrensburg. <br \/><strong>Moderation: Gisela Euscher, Dorothea Schmidt <\/strong>\n<p>\u00a0<\/p>\n<p><img loading=\"lazy\" decoding=\"async\" class=\"wp-image-1589 alignright\" src=\"https:\/\/netzwerk-migration-integration.de\/wp-content\/uploads\/2020\/09\/Schimmelmann.jpg\" alt=\"\" width=\"272\" height=\"265\" srcset=\"https:\/\/netzwerk-migration-integration.de\/wp-content\/uploads\/2020\/09\/Schimmelmann.jpg 497w, https:\/\/netzwerk-migration-integration.de\/wp-content\/uploads\/2020\/09\/Schimmelmann-300x292.jpg 300w\" sizes=\"(max-width: 272px) 85vw, 272px\" \/>Wie kann man die Ahrensburger Geschichte so erz\u00e4hlen, dass sie die Geschichte aller Ahrensburger B\u00fcrger und B\u00fcrgerinnen wird? <br \/>Geschichte muss immer wieder neu erz\u00e4hlt werden. Das gilt besonders dann, wenn die Vergangenheit besondere Aktualit\u00e4t gewinnt. Die Geschichte des Schlosses und damit auch der Stadt Ahrensburg ist eng mit dem transatlantischen Sklavenhandel verkn\u00fcpft. <br \/>Wir m\u00f6chten ein Gespr\u00e4ch f\u00fchren \u00fcber eine zeitgem\u00e4\u00dfe und m\u00f6glichst vollst\u00e4ndige Geschichtsdarstellung, die Rassismus nicht ausspart.<\/p>\n<p>Die Online Veranstaltung wird am<strong> 28.10.2020<\/strong> stattfinden.<\/p>\n<p>Interessierte k\u00f6nnen sich vorab anmelden bei: <a href=\"&#x6d;&#x61;&#105;l&#x74;&#x6f;&#x3a;&#100;o&#x72;&#x6f;&#x74;&#104;e&#x61;&#x73;&#x63;&#104;m&#x69;&#x64;&#x74;&#64;o&#x75;&#x74;&#x6c;&#111;o&#x6b;&#x2e;&#x64;&#101;\" target=\"_blank\" rel=\"noopener noreferrer\"><strong>d&#111;&#114;&#111;&#x74;&#x68;&#x65;as&#99;&#104;&#x6d;&#x69;&#x64;&#x74;&#64;o&#117;&#116;&#x6c;&#x6f;&#x6f;&#x6b;&#46;&#100;&#101;<\/strong> <\/a>und erhalten\u00a0 dann den Termin und Zugangsdaten per Mail.<\/p>\n<hr \/>\n<p><span style=\"color: #ff0000;\">Diese Veranstaltung wurde wegen der aktuellen Entwicklung der Corona-Infektionen in eine &#8222;digitale&#8220; virtuelle Aktion ge\u00e4ndert.\u00a0<\/span><\/p>\n<p><img loading=\"lazy\" decoding=\"async\" class=\" wp-image-309 alignright\" src=\"https:\/\/netzwerk-migration-integration.de\/wp-content\/uploads\/2018\/09\/logo_rundertisch.jpg\" alt=\"\" width=\"141\" height=\"121\" \/>Montag 09.11.2020, <strong>Gang des Erinnerns und der Ermutigung<\/strong><\/p>\n<p>Runder Tisch fu\u0308r Zivilcourage und Menschenrechte, gegen Diskriminierung und Rechtsextremismus<br \/>Ab dem 9.11.2020 auf <strong><a href=\"http:\/\/runder-tisch-ahrensburg.de\/gang-des-erinnerns-2020\" target=\"_blank\" rel=\"noopener noreferrer\">http:\/\/runder-tisch-ahrensburg.de\/gang-des-erinnerns-2020<\/a><\/strong><\/p>\n<hr \/>\n<p><img loading=\"lazy\" decoding=\"async\" class=\"wp-image-232 alignright\" src=\"https:\/\/netzwerk-migration-integration.de\/wp-content\/uploads\/2018\/08\/IKH_logo_marstall.jpg\" alt=\"\" width=\"236\" height=\"66\" \/>Dienstag, 10.11.2020, 19.30-21.00 Uhr &#8211; <strong>Politik in der Remise<\/strong> \u2013<br \/><strong>Die Europ\u00e4ische Union im Jahr 2040: Bilanz und Zukunftsentw\u00fcrfe<br \/><\/strong><img loading=\"lazy\" decoding=\"async\" class=\"size-full wp-image-304 alignright\" src=\"https:\/\/netzwerk-migration-integration.de\/wp-content\/uploads\/2018\/09\/logo_vhs.jpg\" alt=\"\" width=\"151\" height=\"59\" srcset=\"https:\/\/netzwerk-migration-integration.de\/wp-content\/uploads\/2018\/09\/logo_vhs.jpg 151w, https:\/\/netzwerk-migration-integration.de\/wp-content\/uploads\/2018\/09\/logo_vhs-150x59.jpg 150w\" sizes=\"(max-width: 151px) 85vw, 151px\" \/>VHS-Ahrensburg und Marstall mit Unterst\u00fctzung der ZEIT-Stiftung Ebelin und Gerd Bucerius<br \/><strong>Vortrag von Prof. Dr. Ulrike Liebert<br \/>Moderation: Prof. Dr. Lutz R. Reuter<br \/><\/strong>Kulturzentrum Marstall am Schloss und vhs Ahrensburg laden alle politisch Interessierten zur Vortragsreihe \u201ePolitik in der Remise\u201d ein. Zum Abschluss der zweij\u00e4hrigen Vortragsreihe Europa in der Krise? zieht Ulrike Liebert eine Bilanz der Entwicklung der Europ\u00e4ischen Union. Darauf st\u00fctzt sich der Blick auf die kommenden Jahrzehnte: Welches sind die Herausforderungen der EU; welche Reformen sind erforderlich?<br \/>Kann das Konzept eines Europas der zwei Geschwindigkeiten Blockaden\u00a0 aufl\u00f6sen oder f\u00fchrt es zur Spaltung der Union?<br \/>Die Referentin Prof. Dr. Ulrike Liebert ist Sozial und Politikwissenschaftlerin. Sie wurde am Europ\u00e4ischen Hochschulinstitut Florenz promoviert und hat an zahlreichen Universit\u00e4ten in Deutschland, Europa und \u00dcbersee gelehrt und<br \/>geforscht. Sie war Professorin an der Universit\u00e4t Bremen und leitete von 2000 bis zu ihrer Emeritierung 2016 das Jean-Monnet-Zentrum f\u00fcr Europastudien. Ihre j\u00fcngste Buchpublikation tr\u00e4gt den Titel \u201eEuropa erneuern! Eine\u00a0 realistische Vision f\u00fcr das 21. Jahrhundert\u201d (2019: transcript).<br \/><strong>Wo: Reithalle, Kulturzentrum Marstall, L\u00fcbecker Stra\u00dfe 8<\/strong><\/p>\n<hr \/>\n<p><strong><span style=\"color: #ff0000;\">Diese traditionelle Abschlussveranstaltung unseres Interkulturellen Herbst wurde wegen der gestiegenen Corona-Infektionen schon jetzt endg\u00fcltig abgesagt. Hoffen wir auf 2021.<\/span><\/strong><\/p>\n<p><img loading=\"lazy\" decoding=\"async\" class=\"size-full wp-image-234 aligncenter\" src=\"https:\/\/netzwerk-migration-integration.de\/wp-content\/uploads\/2018\/08\/logo_la_cuisine.png\" alt=\"\" width=\"190\" height=\"119\" \/>Samstag 12.12.2020, 18.00 Uhr &#8222;<strong>\u00e0 table<\/strong>&#8222;- Internationale kulinarische Begegnung<br \/>Kulturzentrum Marstall in Zusammenarbeit mit Bernard Bonnin <br \/>Das Essen kann leider nicht wie sonst geteilt werden, sondern jede\/r verzehrt sein eigenes mitgebrachtes Gericht.<strong><strong><br \/>Schlu\u00dfveranstaltung \u201eInterkultureller Herbst 2020 in Ahrensburg\u201d.<br \/><\/strong><\/strong>Corona zwingt uns bestimmte Ma\u00dfnahmen zu beachten: Die Teilnehmerzahl ist auf 30 Personen begrenzt und nur nach <strong>Anmeldung per Mail<\/strong> mit Name, Adresse und Telefonnummer an<a href=\"m&#97;&#x69;&#x6c;t&#111;&#x3a;&#x69;n&#102;&#111;&#x40;&#x6d;a&#114;&#x73;&#x74;a&#108;&#x6c;&#x2d;a&#104;&#114;&#x65;&#x6e;s&#98;&#x75;&#x72;g&#46;&#x64;&#x65;\" target=\"_blank\" rel=\"noopener noreferrer\"><strong> info&#64;m&#97;&#114;&#115;&#116;&#97;&#108;&#108;&#x2d;&#x61;&#x68;&#x72;&#x65;&#x6e;&#x73;&#x62;&#x75;&#x72;&#x67;&#x2e;de<\/strong><\/a> m\u00f6glich.<strong><strong><br \/>Wo: Reithalle, Kulturzentrum Marstall, L\u00fcbecker Stra\u00dfe 8<\/strong><\/strong><\/p>\n<\/div>\n\n\n<p class=\"wp-block-paragraph\"><\/p>\n","protected":false},"excerpt":{"rendered":"<p>Wir freuen uns sehr, dass wir auch in diesem Jahr ein Programm f\u00fcr den Interkulturellen Herbst zusammenstellen konnten. Zu Ihrer Information und f\u00fcr Ihren Terminkalender hier die Termine; wegen Corona ist die Durchf\u00fchrung leider noch v\u00f6llig ungewiss. Einige Veranstalter haben sich wegen Corona auch bisher sehr zur\u00fcckgehalten. Es ist also gut m\u00f6glich, dass kurzfristig noch &hellip; <a href=\"https:\/\/netzwerk-migration-integration.de\/index.php\/interkultureller-herbst-2020\/\" class=\"more-link\"><span class=\"screen-reader-text\">\u201eInterkultureller Herbst 2020\u201c <\/span>weiterlesen<\/a><\/p>\n","protected":false},"author":2,"featured_media":0,"parent":0,"menu_order":0,"comment_status":"closed","ping_status":"closed","template":"","meta":{"_crdt_document":"","footnotes":""},"class_list":["post-1572","page","type-page","status-publish","hentry"],"yoast_head":"<!-- This site is optimized with the Yoast SEO plugin v27.4 - https:\/\/yoast.com\/product\/yoast-seo-wordpress\/ -->\n<title>Interkultureller Herbst 2020 - NetzWERK Migration &amp; Integration Ahrensburg<\/title>\n<meta name=\"robots\" content=\"index, follow, max-snippet:-1, max-image-preview:large, max-video-preview:-1\" \/>\n<link rel=\"canonical\" href=\"https:\/\/netzwerk-migration-integration.de\/index.php\/interkultureller-herbst-2020\/\" \/>\n<meta property=\"og:locale\" content=\"de_DE\" \/>\n<meta property=\"og:type\" content=\"article\" \/>\n<meta property=\"og:title\" content=\"Interkultureller Herbst 2020 - NetzWERK Migration &amp; Integration Ahrensburg\" \/>\n<meta property=\"og:description\" content=\"Wir freuen uns sehr, dass wir auch in diesem Jahr ein Programm f\u00fcr den Interkulturellen Herbst zusammenstellen konnten. Zu Ihrer Information und f\u00fcr Ihren Terminkalender hier die Termine; wegen Corona ist die Durchf\u00fchrung leider noch v\u00f6llig ungewiss. Einige Veranstalter haben sich wegen Corona auch bisher sehr zur\u00fcckgehalten. Es ist also gut m\u00f6glich, dass kurzfristig noch &hellip; \u201eInterkultureller Herbst 2020\u201c weiterlesen\" \/>\n<meta property=\"og:url\" content=\"https:\/\/netzwerk-migration-integration.de\/index.php\/interkultureller-herbst-2020\/\" \/>\n<meta property=\"og:site_name\" content=\"NetzWERK Migration &amp; Integration Ahrensburg\" \/>\n<meta property=\"article:modified_time\" content=\"2020-11-02T21:57:27+00:00\" \/>\n<meta property=\"og:image\" content=\"https:\/\/netzwerk-migration-integration.de\/wp-content\/uploads\/2018\/08\/logo_la_cuisine.png\" \/>\n<meta name=\"twitter:card\" content=\"summary_large_image\" \/>\n<meta name=\"twitter:label1\" content=\"Gesch\u00e4tzte Lesezeit\" \/>\n\t<meta name=\"twitter:data1\" content=\"4\u00a0Minuten\" \/>\n<script type=\"application\/ld+json\" class=\"yoast-schema-graph\">{\"@context\":\"https:\\\/\\\/schema.org\",\"@graph\":[{\"@type\":\"WebPage\",\"@id\":\"https:\\\/\\\/netzwerk-migration-integration.de\\\/index.php\\\/interkultureller-herbst-2020\\\/\",\"url\":\"https:\\\/\\\/netzwerk-migration-integration.de\\\/index.php\\\/interkultureller-herbst-2020\\\/\",\"name\":\"Interkultureller Herbst 2020 - NetzWERK Migration &amp; Integration Ahrensburg\",\"isPartOf\":{\"@id\":\"https:\\\/\\\/netzwerk-migration-integration.de\\\/#website\"},\"primaryImageOfPage\":{\"@id\":\"https:\\\/\\\/netzwerk-migration-integration.de\\\/index.php\\\/interkultureller-herbst-2020\\\/#primaryimage\"},\"image\":{\"@id\":\"https:\\\/\\\/netzwerk-migration-integration.de\\\/index.php\\\/interkultureller-herbst-2020\\\/#primaryimage\"},\"thumbnailUrl\":\"https:\\\/\\\/netzwerk-migration-integration.de\\\/wp-content\\\/uploads\\\/2018\\\/08\\\/logo_la_cuisine.png\",\"datePublished\":\"2020-06-18T15:59:50+00:00\",\"dateModified\":\"2020-11-02T21:57:27+00:00\",\"breadcrumb\":{\"@id\":\"https:\\\/\\\/netzwerk-migration-integration.de\\\/index.php\\\/interkultureller-herbst-2020\\\/#breadcrumb\"},\"inLanguage\":\"de\",\"potentialAction\":[{\"@type\":\"ReadAction\",\"target\":[\"https:\\\/\\\/netzwerk-migration-integration.de\\\/index.php\\\/interkultureller-herbst-2020\\\/\"]}]},{\"@type\":\"ImageObject\",\"inLanguage\":\"de\",\"@id\":\"https:\\\/\\\/netzwerk-migration-integration.de\\\/index.php\\\/interkultureller-herbst-2020\\\/#primaryimage\",\"url\":\"https:\\\/\\\/netzwerk-migration-integration.de\\\/wp-content\\\/uploads\\\/2018\\\/08\\\/logo_la_cuisine.png\",\"contentUrl\":\"https:\\\/\\\/netzwerk-migration-integration.de\\\/wp-content\\\/uploads\\\/2018\\\/08\\\/logo_la_cuisine.png\",\"width\":190,\"height\":119},{\"@type\":\"BreadcrumbList\",\"@id\":\"https:\\\/\\\/netzwerk-migration-integration.de\\\/index.php\\\/interkultureller-herbst-2020\\\/#breadcrumb\",\"itemListElement\":[{\"@type\":\"ListItem\",\"position\":1,\"name\":\"Home\",\"item\":\"https:\\\/\\\/netzwerk-migration-integration.de\\\/\"},{\"@type\":\"ListItem\",\"position\":2,\"name\":\"Interkultureller Herbst 2020\"}]},{\"@type\":\"WebSite\",\"@id\":\"https:\\\/\\\/netzwerk-migration-integration.de\\\/#website\",\"url\":\"https:\\\/\\\/netzwerk-migration-integration.de\\\/\",\"name\":\"NetzWERK Migration &amp; Integration Ahrensburg\",\"description\":\"\",\"publisher\":{\"@id\":\"https:\\\/\\\/netzwerk-migration-integration.de\\\/#organization\"},\"potentialAction\":[{\"@type\":\"SearchAction\",\"target\":{\"@type\":\"EntryPoint\",\"urlTemplate\":\"https:\\\/\\\/netzwerk-migration-integration.de\\\/?s={search_term_string}\"},\"query-input\":{\"@type\":\"PropertyValueSpecification\",\"valueRequired\":true,\"valueName\":\"search_term_string\"}}],\"inLanguage\":\"de\"},{\"@type\":\"Organization\",\"@id\":\"https:\\\/\\\/netzwerk-migration-integration.de\\\/#organization\",\"name\":\"NetzWERK Migration &amp; Integration Ahrensburg\",\"url\":\"https:\\\/\\\/netzwerk-migration-integration.de\\\/\",\"logo\":{\"@type\":\"ImageObject\",\"inLanguage\":\"de\",\"@id\":\"https:\\\/\\\/netzwerk-migration-integration.de\\\/#\\\/schema\\\/logo\\\/image\\\/\",\"url\":\"https:\\\/\\\/netzwerk-migration-integration.de\\\/wp-content\\\/uploads\\\/2018\\\/03\\\/cropped-NetzW-Logo_rgb-2-2.jpg\",\"contentUrl\":\"https:\\\/\\\/netzwerk-migration-integration.de\\\/wp-content\\\/uploads\\\/2018\\\/03\\\/cropped-NetzW-Logo_rgb-2-2.jpg\",\"width\":240,\"height\":74,\"caption\":\"NetzWERK Migration &amp; Integration Ahrensburg\"},\"image\":{\"@id\":\"https:\\\/\\\/netzwerk-migration-integration.de\\\/#\\\/schema\\\/logo\\\/image\\\/\"}}]}<\/script>\n<!-- \/ Yoast SEO plugin. -->","yoast_head_json":{"title":"Interkultureller Herbst 2020 - NetzWERK Migration &amp; Integration Ahrensburg","robots":{"index":"index","follow":"follow","max-snippet":"max-snippet:-1","max-image-preview":"max-image-preview:large","max-video-preview":"max-video-preview:-1"},"canonical":"https:\/\/netzwerk-migration-integration.de\/index.php\/interkultureller-herbst-2020\/","og_locale":"de_DE","og_type":"article","og_title":"Interkultureller Herbst 2020 - NetzWERK Migration &amp; Integration Ahrensburg","og_description":"Wir freuen uns sehr, dass wir auch in diesem Jahr ein Programm f\u00fcr den Interkulturellen Herbst zusammenstellen konnten. Zu Ihrer Information und f\u00fcr Ihren Terminkalender hier die Termine; wegen Corona ist die Durchf\u00fchrung leider noch v\u00f6llig ungewiss. Einige Veranstalter haben sich wegen Corona auch bisher sehr zur\u00fcckgehalten. Es ist also gut m\u00f6glich, dass kurzfristig noch &hellip; \u201eInterkultureller Herbst 2020\u201c weiterlesen","og_url":"https:\/\/netzwerk-migration-integration.de\/index.php\/interkultureller-herbst-2020\/","og_site_name":"NetzWERK Migration &amp; Integration Ahrensburg","article_modified_time":"2020-11-02T21:57:27+00:00","og_image":[{"url":"https:\/\/netzwerk-migration-integration.de\/wp-content\/uploads\/2018\/08\/logo_la_cuisine.png","type":"","width":"","height":""}],"twitter_card":"summary_large_image","twitter_misc":{"Gesch\u00e4tzte Lesezeit":"4\u00a0Minuten"},"schema":{"@context":"https:\/\/schema.org","@graph":[{"@type":"WebPage","@id":"https:\/\/netzwerk-migration-integration.de\/index.php\/interkultureller-herbst-2020\/","url":"https:\/\/netzwerk-migration-integration.de\/index.php\/interkultureller-herbst-2020\/","name":"Interkultureller Herbst 2020 - NetzWERK Migration &amp; Integration Ahrensburg","isPartOf":{"@id":"https:\/\/netzwerk-migration-integration.de\/#website"},"primaryImageOfPage":{"@id":"https:\/\/netzwerk-migration-integration.de\/index.php\/interkultureller-herbst-2020\/#primaryimage"},"image":{"@id":"https:\/\/netzwerk-migration-integration.de\/index.php\/interkultureller-herbst-2020\/#primaryimage"},"thumbnailUrl":"https:\/\/netzwerk-migration-integration.de\/wp-content\/uploads\/2018\/08\/logo_la_cuisine.png","datePublished":"2020-06-18T15:59:50+00:00","dateModified":"2020-11-02T21:57:27+00:00","breadcrumb":{"@id":"https:\/\/netzwerk-migration-integration.de\/index.php\/interkultureller-herbst-2020\/#breadcrumb"},"inLanguage":"de","potentialAction":[{"@type":"ReadAction","target":["https:\/\/netzwerk-migration-integration.de\/index.php\/interkultureller-herbst-2020\/"]}]},{"@type":"ImageObject","inLanguage":"de","@id":"https:\/\/netzwerk-migration-integration.de\/index.php\/interkultureller-herbst-2020\/#primaryimage","url":"https:\/\/netzwerk-migration-integration.de\/wp-content\/uploads\/2018\/08\/logo_la_cuisine.png","contentUrl":"https:\/\/netzwerk-migration-integration.de\/wp-content\/uploads\/2018\/08\/logo_la_cuisine.png","width":190,"height":119},{"@type":"BreadcrumbList","@id":"https:\/\/netzwerk-migration-integration.de\/index.php\/interkultureller-herbst-2020\/#breadcrumb","itemListElement":[{"@type":"ListItem","position":1,"name":"Home","item":"https:\/\/netzwerk-migration-integration.de\/"},{"@type":"ListItem","position":2,"name":"Interkultureller Herbst 2020"}]},{"@type":"WebSite","@id":"https:\/\/netzwerk-migration-integration.de\/#website","url":"https:\/\/netzwerk-migration-integration.de\/","name":"NetzWERK Migration &amp; Integration Ahrensburg","description":"","publisher":{"@id":"https:\/\/netzwerk-migration-integration.de\/#organization"},"potentialAction":[{"@type":"SearchAction","target":{"@type":"EntryPoint","urlTemplate":"https:\/\/netzwerk-migration-integration.de\/?s={search_term_string}"},"query-input":{"@type":"PropertyValueSpecification","valueRequired":true,"valueName":"search_term_string"}}],"inLanguage":"de"},{"@type":"Organization","@id":"https:\/\/netzwerk-migration-integration.de\/#organization","name":"NetzWERK Migration &amp; Integration Ahrensburg","url":"https:\/\/netzwerk-migration-integration.de\/","logo":{"@type":"ImageObject","inLanguage":"de","@id":"https:\/\/netzwerk-migration-integration.de\/#\/schema\/logo\/image\/","url":"https:\/\/netzwerk-migration-integration.de\/wp-content\/uploads\/2018\/03\/cropped-NetzW-Logo_rgb-2-2.jpg","contentUrl":"https:\/\/netzwerk-migration-integration.de\/wp-content\/uploads\/2018\/03\/cropped-NetzW-Logo_rgb-2-2.jpg","width":240,"height":74,"caption":"NetzWERK Migration &amp; Integration Ahrensburg"},"image":{"@id":"https:\/\/netzwerk-migration-integration.de\/#\/schema\/logo\/image\/"}}]}},"_links":{"self":[{"href":"https:\/\/netzwerk-migration-integration.de\/index.php\/wp-json\/wp\/v2\/pages\/1572","targetHints":{"allow":["GET"]}}],"collection":[{"href":"https:\/\/netzwerk-migration-integration.de\/index.php\/wp-json\/wp\/v2\/pages"}],"about":[{"href":"https:\/\/netzwerk-migration-integration.de\/index.php\/wp-json\/wp\/v2\/types\/page"}],"author":[{"embeddable":true,"href":"https:\/\/netzwerk-migration-integration.de\/index.php\/wp-json\/wp\/v2\/users\/2"}],"replies":[{"embeddable":true,"href":"https:\/\/netzwerk-migration-integration.de\/index.php\/wp-json\/wp\/v2\/comments?post=1572"}],"version-history":[{"count":9,"href":"https:\/\/netzwerk-migration-integration.de\/index.php\/wp-json\/wp\/v2\/pages\/1572\/revisions"}],"predecessor-version":[{"id":1635,"href":"https:\/\/netzwerk-migration-integration.de\/index.php\/wp-json\/wp\/v2\/pages\/1572\/revisions\/1635"}],"wp:attachment":[{"href":"https:\/\/netzwerk-migration-integration.de\/index.php\/wp-json\/wp\/v2\/media?parent=1572"}],"curies":[{"name":"wp","href":"https:\/\/api.w.org\/{rel}","templated":true}]}}